{"id":142,"date":"2021-02-15T12:20:03","date_gmt":"2021-02-15T11:20:03","guid":{"rendered":"http:\/\/antalyatouristinformation.com\/d\/?page_id=142"},"modified":"2021-06-16T09:27:38","modified_gmt":"2021-06-16T07:27:38","slug":"lower-duden","status":"publish","type":"page","link":"https:\/\/antalyatouristinformation.com\/d\/things-to-do\/waterfall\/lower-duden\/","title":{"rendered":"Visit Lower D\u00fcden Waterfall in Antalya: Boat Tours and Access Tips"},"content":{"rendered":"<p>If you are looking for an amazing walk to enjoy the breathtaking landscape of Antalya, the <strong>Lower D\u00fcden Waterfall is definitely one of the most dazzling natural shows to see in the city.<\/strong><\/p>\n<p>The Lower D\u00fcden Waterfall is a unique beauty located in D\u00fcden Park in the Lara district of Antalya. It&#8217;s a powerful water attraction to see from the sidewalk and also from a boat in the water.&nbsp;<\/p>\n<p>In this article, you will find all the useful information you need to visit Lower D\u00fcden Waterfall, including how to visit it (tours with a boat) and what to expect.<\/p>\n<p><span><img decoding=\"async\" alt=\"Lower D\u00fcden Waterfall in Lara in Antalya Turkey\" data-id=\"5602\" width=\"702\" data-init-width=\"1000\" height=\"468\" data-init-height=\"667\" title=\"Lower D\u00fcden Waterfall in Lara in Antalya Turkey\" loading=\"lazy\" src=\"https:\/\/antalyatouristinformation.com\/d\/wp-content\/uploads\/sites\/9\/2021\/05\/Lower-Dueden-Waterfall-in-Lara-in-Antalya-Turkey.jpg\" data-width=\"702\" data-height=\"468\" data-pinpro-key=\"n1r6q287p\" data-pin-media=\"https:\/\/antalyatouristinformation.com\/d\/wp-content\/uploads\/sites\/9\/2021\/06\/prag_50_sehenswuerdigkeiten_pinterest-9.jpg\" data-pin-description=\"Will you visit the Lower D\u00fcden Waterfall in Antalya, Turkey ? \u27a4 Read Info on \u2714 Access \u2714 Boat Tour \u2714 Tips \u2714\" data-pin-url=\"https:\/\/antalyatouristinformation.com\/d\/things-to-do\/waterfall\/lower-duden\/?tve=true&amp;tcbf=8a45bbc0ac\"><\/span><\/p>\n<h2 id=\"t-1619797895769\" data-alt-text=\"What Can I Do There?\">What Can I Do at Lower D\u00fcden Waterfall in Lara?<\/h2>\n<p>One interesting thing to know about the Lower D\u00fcden Waterfall is that since the name of the region is Karpuzkald\u0131ran, the waterfall is also called &#8220;<em>Karpuzkald\u0131ran Waterfall&#8221;<\/em> which literally means the &#8220;<em>watermelon lifter waterfall&#8221;<\/em>.<\/p>\n<p>There are two waterfalls with the same name (D\u00fcden) in Antalya. <strong>This waterfall pours water from the D\u00fcden River, one of the largest rivers in southern Anatolia, into the sea from a natural formation at Karpuzkald\u0131ran.&nbsp;<\/strong>There are similar waterfalls on the cliffs but this one is the most impressive and attracts a lot of visitors.<\/p>\n<p>You can watch the beautiful waterfall from D\u00fcden Park nearby. It has an observation terrace that gives a special view of the waterfall. This terrace is not a recreation spot but a large green and pleasant area for visitors. It also features a cafeteria, a parking lot, and a picnic area. Having breakfast at one of the restaurants located on the top with the view of the waterfall is a <a href=\"https:\/\/antalyatouristinformation.com\/d\/things-to-do\/attraction\/\" style=\"outline: none;\">famous attraction in Antalya<\/a> .<\/p>\n<p><span><img decoding=\"async\" alt=\"Duden waterfall in Antalya in Turkey\" data-id=\"5529\" width=\"702\" data-init-width=\"1000\" height=\"468\" data-init-height=\"667\" title=\"Duden waterfall in Antalya in Turkey\" loading=\"lazy\" src=\"https:\/\/antalyatouristinformation.com\/d\/wp-content\/uploads\/sites\/9\/2021\/05\/Duden-waterfall-in-Antalya-in-Turkey.jpg\" data-width=\"702\" data-height=\"468\" data-pinpro-key=\"ssc6pdh24\" data-pin-media=\"https:\/\/antalyatouristinformation.com\/d\/wp-content\/uploads\/sites\/9\/2021\/06\/prag_50_sehenswuerdigkeiten_pinterest-9.jpg\" data-pin-description=\"Will you visit the Lower D\u00fcden Waterfall in Antalya, Turkey ? \u27a4 Read Info on \u2714 Access \u2714 Boat Tour \u2714 Tips \u2714\" data-pin-url=\"https:\/\/antalyatouristinformation.com\/d\/things-to-do\/waterfall\/lower-duden\/?tve=true&amp;tcbf=8a45bbc0ac\"><\/span><\/p>\n<h2 id=\"t-1619797895767\" data-alt-text=\"Boat Tours\">Boat Tours to D\u00fcden Waterfall from Kalei\u00e7i:<\/h2>\n<p>There are <strong>boat tours departing from near the waterfall<\/strong>. It&#8217;s also one of the definite stops made by boat tours departing from Antalya Yacht Marina in Kalei\u00e7i. On one of the boat tours, you can capture the most beautiful view of the waterfall from the sea. The best seasons for the tour is spring and summer, when you can actually get close to the waterfall with the boat.<\/p>\n<p>With the refraction of the sun&#8217;s rays, a rainbow is often formed near the waterfall. This view should not be missed. Great pictures are guaranteed!<\/p>\n<p>The place where the waterfall flows into the sea is an important place for fishermen. It&#8217;s the point where the salty water meets with the fresh water and makes it possible to find most of the fish species in the Mediterranean Sea.&nbsp;<\/p>\n<ul>\n<li><span style=\"\"><strong>Distance:&nbsp;<\/strong>Karpuzkald\u0131ran Waterfall is only 2 km away from Lara public beach.<\/span><\/li>\n<li style=\"\"><span style=\"\"><strong>Tip:<\/strong> You can combine your visit to Lower D\u00fcden Waterfall with the nearby amazing <strong><a href=\"https:\/\/antalyatouristinformation.com\/d\/things-to-do\/attraction\/sandland\/\" style=\"outline: none;\">&#8220;<b>Sandland&#8221; S<\/b>and<b>&nbsp;Sculpture Museum<\/b><\/a><\/strong>&nbsp;in Antalya.<\/span><\/li>\n<\/ul>\n<p><span><img decoding=\"async\" alt=\"karpuzkald\u0131ran waterfall by the sea in antalya in turkey\" data-id=\"775\" width=\"702\" data-init-width=\"1000\" height=\"470\" data-init-height=\"670\" title=\"karpuzkald\u0131ran waterfall by the sea in antalya in turkey\" loading=\"lazy\" src=\"https:\/\/antalyatouristinformation.com\/d\/wp-content\/uploads\/sites\/9\/2021\/02\/karpuzkaldiran-waterfall-by-the-sea-in-antalya-in-turkey.jpg\" data-width=\"702\" data-height=\"470\" data-pinpro-key=\"3ewuk2qxh\" data-pin-media=\"https:\/\/antalyatouristinformation.com\/d\/wp-content\/uploads\/sites\/9\/2021\/06\/prag_50_sehenswuerdigkeiten_pinterest-9.jpg\" data-pin-description=\"Will you visit the Lower D\u00fcden Waterfall in Antalya, Turkey ? \u27a4 Read Info on \u2714 Access \u2714 Boat Tour \u2714 Tips \u2714\" data-pin-url=\"https:\/\/antalyatouristinformation.com\/d\/things-to-do\/waterfall\/lower-duden\/?tve=true&amp;tcbf=8a45bbc0ac\"><\/span><\/p>\n<h2 id=\"t-1619178348737\">Entrance, Tickets, and Tours<\/h2>\n<p><strong>Entrance Fee:<\/strong> The waterfall is open to visitors every day. You don&#8217;t have to buy a ticket but a parking fee is required for private vehicles.<\/p>\n<p><strong>Boat Tours:&nbsp;<\/strong>You can book a tour from the Antalya harbor and visit the area on a boat tour for between 20 \u20ac and 50 \u20ac. Several types of tours combining several water activities are available at the harbor. Some tours last 2 hours and some others last 5 hours and prices go up accordingly.&nbsp;<\/p>\n<p>We advise that you to book your tour <span style=\"text-decoration: underline;\">in advance<\/span> and enjoy the area on a nice boat trip.<\/p>\n<ul>\n<li><span style=\"\"><strong>Entrance:<\/strong> Free to visit the Lower D\u00fcden Waterfall at any time of day or night.<\/span><\/li>\n<li style=\"\"><span style=\"\"><strong>Tickets:<\/strong> No tickets to buy to visit Lower D\u00fcden Waterfall, you just have to show up.<\/span><\/li>\n<li style=\"\"><span style=\"\"><strong>Tours:<\/strong> Book a tour from the harbor one day in advance.<\/span><\/li>\n<\/ul>\n<ul>\n<li><span style=\"\"><strong>Tip:<\/strong> To book amusement parks, museums, and tour tickets in advance of your trip to the Antalya region, don&#8217;t hesitate to check out the deals in our official shop.<\/span><\/li>\n<\/ul>\n<h2 id=\"t-1619178348738\" data-alt-text=\"How to Get to the Waterfall?\">How to Get to the Waterfall?<\/h2>\n<p>The waterfal can be reached from the center of Antalya by bus and minibus.&nbsp;<\/p>\n<ul>\n<li><strong>Bus<\/strong><strong>:&nbsp;<\/strong>You can use bus lines KL08, LF09, LF10, and LC37 from Lara Beach and from the city center, Kalei\u00e7i.<\/li>\n<\/ul>\n<h2 style=\"\" id=\"t-1619178348739\" data-alt-text=\"Frequently Asked Questions\">FAQ (Frequently Asked Questions)<\/h2>\n<p><span><img decoding=\"async\" alt=\"lower d\u00fcden fall in antalya in turkey\" data-id=\"777\" width=\"702\" data-init-width=\"1000\" height=\"470\" data-init-height=\"670\" title=\"lower d\u00fcden fall in antalya in turkey\" loading=\"lazy\" src=\"https:\/\/antalyatouristinformation.com\/d\/wp-content\/uploads\/sites\/9\/2021\/02\/lower-dueden-fall-in-antalya-in-turkey.jpg\" data-width=\"702\" data-height=\"470\" data-pinpro-key=\"bvwkzbu8a\" data-pin-media=\"https:\/\/antalyatouristinformation.com\/d\/wp-content\/uploads\/sites\/9\/2021\/06\/prag_50_sehenswuerdigkeiten_pinterest-9.jpg\" data-pin-description=\"Will you visit the Lower D\u00fcden Waterfall in Antalya, Turkey ? \u27a4 Read Info on \u2714 Access \u2714 Boat Tour \u2714 Tips \u2714\" data-pin-url=\"https:\/\/antalyatouristinformation.com\/d\/things-to-do\/waterfall\/lower-duden\/?tve=true&amp;tcbf=8a45bbc0ac\"><\/span><\/p>\n<h2 id=\"t-1619178348740\" data-alt-text=\"History of the Waterfall\">The History of Lower D\u00fcden Waterfall<\/h2>\n<p>this waterfall from the D\u00fcden River got this name because it flows under ground. The name of the D\u00fcden River in ancient times was &#8220;<em>Katarrhaktes<\/em>&#8220;.<\/p>\n<p>It&#8217;s one of the important rivers in the Mediterranean Region, although its length is only 15 km. The water in the river comes from springs 40 km away, flowing underground.<\/p>\n<p>The water rises to the surface in a place called D\u00fcdenba\u015f\u0131 and continues on the surface until it reaches the sea. There are two D\u00fcden Waterfalls: the Upper D\u00fcden Waterfall and the Lower D\u00fcden Waterfall.<\/p>\n<p>The Lower D\u00fcden Waterfall (Karpuzkald\u0131ran) falls from a height of 40 meters into the sea via Lara road, where the D\u00fcden River reaches the sea.<\/p>\n<p>Read about more&nbsp;<a href=\"https:\/\/antalyatouristinformation.com\/d\/things-to-do\/waterfall\/\" style=\"outline: none;\">waterfalls in the Antalya<\/a> region here.<\/p>\n<h2 style=\"\" id=\"t-1619178348741\">Contact<\/h2>\n<ul>\n<li><span style=\"\"><strong>Address:&nbsp;<\/strong>\u00c7a\u011flayan, Lara Cd. No:457, 07230 Muratpa\u015fa\/Antalya<\/span><\/li>\n<li><span style=\"\"><strong>Opening Hours:&nbsp;<\/strong>Lower D\u00fcden Waterfall is open everyday.<\/span><\/li>\n<li><span style=\"\"><strong>Public Transport:&nbsp;<\/strong>Minibus or Bus: KL08, LF09, LF10 and LC37.<\/span><\/li>\n<\/ul>\n","protected":false},"excerpt":{"rendered":"<p>If you are looking for an amazing walk to enjoy the breathtaking landscape of Antalya, the Lower D\u00fcden Waterfall is definitely one of the most dazzling natural shows to see in the city. The Lower D\u00fcden Waterfall is a unique beauty located in D\u00fcden Park in the Lara district of Antalya. It&#8217;s a powerful water [&hellip;]<\/p>\n","protected":false},"author":4,"featured_media":771,"parent":135,"menu_order":0,"comment_status":"open","ping_status":"closed","template":"","meta":{"_acf_changed":false,"footnotes":""},"categories":[],"tags":[50],"class_list":["post-142","page","type-page","status-publish","has-post-thumbnail","hentry","tag-waterfall","post-wrapper","thrv_wrapper"],"acf":[],"wp-worthy-pixel":{"ignored":false,"public":null,"server":null,"url":null},"wp-worthy-type":"normal","_links":{"self":[{"href":"https:\/\/antalyatouristinformation.com\/d\/wp-json\/wp\/v2\/pages\/142","targetHints":{"allow":["GET"]}}],"collection":[{"href":"https:\/\/antalyatouristinformation.com\/d\/wp-json\/wp\/v2\/pages"}],"about":[{"href":"https:\/\/antalyatouristinformation.com\/d\/wp-json\/wp\/v2\/types\/page"}],"author":[{"embeddable":true,"href":"https:\/\/antalyatouristinformation.com\/d\/wp-json\/wp\/v2\/users\/4"}],"replies":[{"embeddable":true,"href":"https:\/\/antalyatouristinformation.com\/d\/wp-json\/wp\/v2\/comments?post=142"}],"version-history":[{"count":58,"href":"https:\/\/antalyatouristinformation.com\/d\/wp-json\/wp\/v2\/pages\/142\/revisions"}],"predecessor-version":[{"id":10478,"href":"https:\/\/antalyatouristinformation.com\/d\/wp-json\/wp\/v2\/pages\/142\/revisions\/10478"}],"up":[{"embeddable":true,"href":"https:\/\/antalyatouristinformation.com\/d\/wp-json\/wp\/v2\/pages\/135"}],"wp:featuredmedia":[{"embeddable":true,"href":"https:\/\/antalyatouristinformation.com\/d\/wp-json\/wp\/v2\/media\/771"}],"wp:attachment":[{"href":"https:\/\/antalyatouristinformation.com\/d\/wp-json\/wp\/v2\/media?parent=142"}],"wp:term":[{"taxonomy":"category","embeddable":true,"href":"https:\/\/antalyatouristinformation.com\/d\/wp-json\/wp\/v2\/categories?post=142"},{"taxonomy":"post_tag","embeddable":true,"href":"https:\/\/antalyatouristinformation.com\/d\/wp-json\/wp\/v2\/tags?post=142"}],"curies":[{"name":"wp","href":"https:\/\/api.w.org\/{rel}","templated":true}]}}