{"id":1539,"date":"2021-03-29T11:43:59","date_gmt":"2021-03-29T09:43:59","guid":{"rendered":"https:\/\/antalyatouristinformation.com\/d\/?page_id=1539"},"modified":"2021-06-20T22:36:00","modified_gmt":"2021-06-20T20:36:00","slug":"yivliminare-cami","status":"publish","type":"page","link":"https:\/\/antalyatouristinformation.com\/d\/things-to-do\/history\/yivliminare-cami\/","title":{"rendered":"Visit Yivliminare Mosque in Antalya: Access, Tips, and History"},"content":{"rendered":"<p>Yivliminare Mosque immediately catches your eye when you enter Antalya Old Town.<\/p>\n<p>It was built at the highest point in Kalei\u00e7i above sea level and is regarded as one of the symbols of the cit of Antalya.<\/p>\n<p>In this article, you will find all the information you need to know about the mosque, including how to get there, what to expect during the visit, and history details&#8230; Let&#8217;s go!<\/p>\n<p><span><img decoding=\"async\" alt=\"Yivliminare Mosque in Antalya in Turkey\" data-id=\"5746\" width=\"702\" data-init-width=\"1000\" height=\"468\" data-init-height=\"667\" title=\"Yivliminare Mosque in Antalya in Turkey\" loading=\"lazy\" src=\"https:\/\/antalyatouristinformation.com\/d\/wp-content\/uploads\/sites\/9\/2021\/05\/Yivliminare-Mosque-in-Antalya-in-Turkey.jpg\" data-width=\"702\" data-height=\"468\" data-pinpro-key=\"9mndjpbaz\"><\/span><\/p>\n<h2 id=\"t-1622531251384\" data-alt-text=\"What Can I Do at the Mosque?\">What Can I Do at Yivliminare Mosque in Antalya ?<\/h2>\n<p>Yivliminare Mosque was one of the <strong>first Islamic buildings in Antalya,<\/strong> built during the reign of Seljuk Sultan, Alaeddin Kaykubad I (1220-1237).<\/p>\n<p>Yivliminare Mosque is important because it&nbsp;<strong>reflects the artistic understanding of the period&nbsp;<\/strong>when it was built. It includes many decorative elements from the <strong>Seljuk period,&nbsp;<\/strong>such as surface coatings, geometric styles seen in the muqarnas or honeycomb vaulting, and calligraphic inscriptions. There are turquoise and cobalt blue glazed tile mosaics on the body of the fluted minaret.<\/p>\n<p>With its fluted minaret, Yivliminare Mosque is an outstanding example of minarets in Anatolian Turkish Architecture. It takes its name from the<strong> 8 grooves in its minaret built with red brick<\/strong>. It was built in 1372 by Balaban Tav\u015fi. The mosque building is the oldest example of a multi-domed mosque in Anatolia, with its six-domed prayer hall. The height of the minaret is 37 m. and can be reached with a 90-step ladder.<\/p>\n<p>Yivliminare Mosque is part of a complex. The second largest building of the complex was the <strong>13th century Alaaddin Madrasah<\/strong>, only the crown gate and one of the iwans survive today.<\/p>\n<p>The third building of the complex was the G\u0131yaseddin Keyh\u00fcsrev Madrasa, located to the east of the minaret. <strong>G\u0131yaseddin Keyh\u00fcsrev Madrasa was built by Atabey Arma\u011fan in 1239<\/strong>. Today, the building in the courtyard of the grooved hall has a door and the remains of its foundation.&nbsp;<\/p>\n<p><strong>The mawlawi house of the kulliye was established in the 18th century<\/strong>. This building has been used as the State Fine Arts Gallery since 1973.<\/p>\n<p><span><img decoding=\"async\" alt=\"yivli minaret Antalya in Turkey\" data-id=\"1630\" width=\"702\" data-init-width=\"1000\" height=\"470\" data-init-height=\"670\" title=\"yivli minaret Antalya in Turkey\" loading=\"lazy\" src=\"https:\/\/antalyatouristinformation.com\/d\/wp-content\/uploads\/sites\/9\/2021\/03\/yivli-minaret-antalya.jpg\" data-width=\"702\" data-height=\"470\" style=\"\" data-pinpro-key=\"339m1kx1u\"><\/span><\/p>\n<h2 id=\"t-1622531251385\">Entrance, Tickets, and Tours<\/h2>\n<p><strong>Yivliminare Mosque:&nbsp;<\/strong>The entrance is free. It can be visited any time, except for prayer times.<\/p>\n<p><span lang=\"en\"><strong><span data-language-for-alternatives=\"en\" data-language-to-translate-into=\"tr\" data-phrase-index=\"0\">Mevlevihane Museum Visiting Hours:&nbsp;<\/span><\/strong><span data-language-for-alternatives=\"en\" data-language-to-translate-into=\"tr\" data-phrase-index=\"2\">The museum is open on Sundays and Mondays between 08:30 and 17:30. The entrance is free.<\/span><\/span><\/p>\n<p><span lang=\"en\"><span data-language-for-alternatives=\"en\" data-language-to-translate-into=\"tr\" data-phrase-index=\"2\"><strong>Tip:<\/strong> <\/span><\/span>To book amusement parks, museums, and tour tickets in advance of your trip to the Antalya region, don&#8217;t hesitate to check out the deals in our official shop.<\/p>\n<h2 id=\"t-1622531251386\" data-alt-text=\"How to Get there\">How to Get to Yivliminare Mosque<\/h2>\n<p>Yivliminare Mosque is located in Kalei\u00e7i (the old town centre) along Cumhuriyet Street, next to Kalekap\u0131s\u0131 Square in Antalya.<\/p>\n<ul>\n<li><strong>Bus:<\/strong> KC06, KC34, MC58, MK80, TC16, TC93<\/li>\n<li><strong>Tram: <\/strong>T1A<\/li>\n<li><strong>Metro: <\/strong>You can get on<strong> Antray<\/strong> and get off at &#8220;\u0130smetpa\u015fa&#8221; stop.<\/li>\n<\/ul>\n<p>To use public transports in Antalya, don&#8217;t forget to get the <a href=\"https:\/\/antalyatouristinformation.com\/d\/public-transport\/antalyakart\/\" style=\"outline: none;\">Antalya Kart<\/a>, a public transport card that will take you everywhere. Read more information <a href=\"https:\/\/antalyatouristinformation.com\/d\/public-transport\/\" style=\"outline: none;\">public transport in Antalya<\/a>.<\/p>\n<p><span><img decoding=\"async\" alt=\"Yivliminare Mosque in Antalya in Turkey\" data-id=\"5748\" width=\"702\" data-init-width=\"1000\" height=\"468\" data-init-height=\"667\" title=\"Yivliminare Mosque in Antalya in Turkey\" loading=\"lazy\" src=\"https:\/\/antalyatouristinformation.com\/d\/wp-content\/uploads\/sites\/9\/2021\/05\/How-to-get-to-Yivliminare-Mosque-in-Antalya-in-Turkey.jpg\" data-width=\"702\" data-height=\"468\" data-pinpro-key=\"r0op473i5\"><\/span><\/p>\n<h2 style=\"\" id=\"t-1622531251387\" data-alt-text=\"Frequently Asked Questions\">FAQ (Frequently Asked Questions)<\/h2>\n<p><span><img decoding=\"async\" alt=\"Yivliminare Mosque in Antalya in Turkey 1\" data-id=\"5751\" width=\"702\" data-init-width=\"1000\" height=\"468\" data-init-height=\"667\" title=\"Yivliminare Mosque in Antalya in Turkey 1\" loading=\"lazy\" src=\"https:\/\/antalyatouristinformation.com\/d\/wp-content\/uploads\/sites\/9\/2021\/05\/History-of-the-Yivliminare-Mosque-in-Antalya-in-Turkey.jpg\" data-width=\"702\" data-height=\"468\" data-pinpro-key=\"yqqfnsqvn\"><\/span><\/p>\n<h2 id=\"t-1622531251388\" data-alt-text=\"History of Yivliminare Mosque\">The History of Yivliminare Mosque<\/h2>\n<p>The mosque was originally built in 1230, during the reign of Sultan Alaeddin Kaykubad I (1220-1237) and was completely rebuilt in 1373, after the destruction of the original mosque.<\/p>\n<p>The Seljuk Sultan Alaeddin Keykubad I, who ruled Anatolia between the years 1220-1237, had a special place in the history of the Seljuks with the reconstruction activities he undertook in different cities such as Konya, Sivas, Kayseri, Erzurum, and Antalya. He built many symbolic structures in the cities that were seized during the process of Islamization and Turkification of a large part of Anatolia.<\/p>\n<p>The original mosque was destroyed in the 14th century and a new mosque was built in 1373 by the Hamidids, on the foundation of a Byzantine church. During this rebuilding process, ancient column heads were used in the interior of the mosque. The building was used as Antalya Museum before but after the restoration work it serves as mosque, suitably its function.<\/p>\n<p>Today the building houses the Ethnographic Museum of Antalya, whose exhibits include clothes, kitchen utensils, embroidery, wallpaper, rugs, bags, and awnings. It opened to the public in 1974.<\/p>\n<p>Learn more about monuments in Antalya with our page dedicated to <a href=\"https:\/\/antalyatouristinformation.com\/d\/things-to-do\/history\/\" style=\"outline: none;\">ruins in Antalya<\/a>.<\/p>\n<h2 style=\"\" id=\"t-1622531251389\">Contact<\/h2>\n<ul>\n<li><span style=\"\"><strong>Address :&nbsp;<\/strong>Sel\u00e7uk, \u0130skele Cd., 07100 Muratpa\u015fa\/Antalya<\/span><\/li>\n<li><span style=\"\"><strong>PublicTransport:&nbsp;<\/strong><span style=\"text-decoration: underline;\">Bus:<\/span> KC06,KC34,MC58,MK80,TC16,TC93 <span style=\"text-decoration: underline;\">Tram:<\/span><strong>&nbsp;<\/strong>T1A <span style=\"text-decoration: underline;\">Metro:<\/span><strong>&nbsp;<\/strong>You can get on<strong>&nbsp;<\/strong>Antray and get off at &#8220;\u0130smetpa\u015fa&#8221; stop.<\/span><\/li>\n<\/ul>\n","protected":false},"excerpt":{"rendered":"<p>Yivliminare Mosque immediately catches your eye when you enter Antalya Old Town. It was built at the highest point in Kalei\u00e7i above sea level and is regarded as one of the symbols of the cit of Antalya. In this article, you will find all the information you need to know about the mosque, including how [&hellip;]<\/p>\n","protected":false},"author":4,"featured_media":5744,"parent":119,"menu_order":0,"comment_status":"open","ping_status":"closed","template":"","meta":{"_acf_changed":false,"footnotes":""},"categories":[],"tags":[42,47,49,48],"class_list":["post-1539","page","type-page","status-publish","has-post-thumbnail","hentry","tag-history","tag-medieval","tag-ottoman","tag-seljuk","post-wrapper","thrv_wrapper"],"acf":[],"wp-worthy-pixel":{"ignored":false,"public":null,"server":null,"url":null},"wp-worthy-type":"normal","_links":{"self":[{"href":"https:\/\/antalyatouristinformation.com\/d\/wp-json\/wp\/v2\/pages\/1539","targetHints":{"allow":["GET"]}}],"collection":[{"href":"https:\/\/antalyatouristinformation.com\/d\/wp-json\/wp\/v2\/pages"}],"about":[{"href":"https:\/\/antalyatouristinformation.com\/d\/wp-json\/wp\/v2\/types\/page"}],"author":[{"embeddable":true,"href":"https:\/\/antalyatouristinformation.com\/d\/wp-json\/wp\/v2\/users\/4"}],"replies":[{"embeddable":true,"href":"https:\/\/antalyatouristinformation.com\/d\/wp-json\/wp\/v2\/comments?post=1539"}],"version-history":[{"count":36,"href":"https:\/\/antalyatouristinformation.com\/d\/wp-json\/wp\/v2\/pages\/1539\/revisions"}],"predecessor-version":[{"id":10951,"href":"https:\/\/antalyatouristinformation.com\/d\/wp-json\/wp\/v2\/pages\/1539\/revisions\/10951"}],"up":[{"embeddable":true,"href":"https:\/\/antalyatouristinformation.com\/d\/wp-json\/wp\/v2\/pages\/119"}],"wp:featuredmedia":[{"embeddable":true,"href":"https:\/\/antalyatouristinformation.com\/d\/wp-json\/wp\/v2\/media\/5744"}],"wp:attachment":[{"href":"https:\/\/antalyatouristinformation.com\/d\/wp-json\/wp\/v2\/media?parent=1539"}],"wp:term":[{"taxonomy":"category","embeddable":true,"href":"https:\/\/antalyatouristinformation.com\/d\/wp-json\/wp\/v2\/categories?post=1539"},{"taxonomy":"post_tag","embeddable":true,"href":"https:\/\/antalyatouristinformation.com\/d\/wp-json\/wp\/v2\/tags?post=1539"}],"curies":[{"name":"wp","href":"https:\/\/api.w.org\/{rel}","templated":true}]}}