{"id":1942,"date":"2021-04-02T18:24:34","date_gmt":"2021-04-02T16:24:34","guid":{"rendered":"http:\/\/antalyatouristinformation.com\/d\/?page_id=1942"},"modified":"2021-06-18T19:14:14","modified_gmt":"2021-06-18T17:14:14","slug":"kekova","status":"publish","type":"page","link":"https:\/\/antalyatouristinformation.com\/d\/things-to-do\/islands\/kekova\/","title":{"rendered":"Guide to Kekova Island in Demre: Boat Tours, History, and Tourist Tips"},"content":{"rendered":"<p>Kekova Island is a very popular destination that attracts many tourists every year. It&#8217;s <strong>Turkey&#8217;s&nbsp;<\/strong><strong>largest island in the&nbsp;<\/strong><b>Mediterranean<\/b>.<\/p>\n<p>The<strong>&nbsp;Island of Kekova&nbsp;<\/strong>and the s<strong>unken city<\/strong>, are among the <strong>most visited places <\/strong>in the Mediterranean, both are&nbsp;<strong>unique historical locations<\/strong> underwater and on land.<\/p>\n<p>You can visit this area with daily excursion boats and it has the cleanest waters in the Mediterranean as well.<\/p>\n<p>In this article, you&#8217;ll find the details you need to know before visiting the island, including attractions, history, mysterious ruins, tours, and many other tourist tips.<\/p>\n<p><span><img decoding=\"async\" alt=\"\" data-id=\"2052\" width=\"702\" data-init-width=\"1000\" height=\"471\" data-init-height=\"670\" title=\"kekova island in antalya in turkey\" loading=\"lazy\" src=\"\/\/antalyatouristinformation.com\/d\/wp-content\/uploads\/sites\/9\/2021\/04\/kekova-island-in-antalya-in-turkey.jpg\" data-width=\"702\" data-height=\"471\" data-pinpro-key=\"b3wrfzy3v\" data-pin-media=\"https:\/\/antalyatouristinformation.com\/d\/wp-content\/uploads\/sites\/9\/2021\/06\/prag_50_sehenswuerdigkeiten_pinterest-11-3.jpg\" data-pin-description=\"Guide to Kekova Island in Demre | Antalya Tourist Information\" data-pin-url=\"https:\/\/antalyatouristinformation.com\/d\/things-to-do\/islands\/kekova\/?tve=true&amp;tcbf=cd7dd7a6c4\"><\/span><\/p>\n<h2 id=\"t-1624000748647\">What Can I Do on Kekova Island?<\/h2>\n<p>Kekova Island is a natural beauty, covering about 4.5 square kilometers. The region&#8217;s name comes from the island of Kekova, and it stretches across the towns of <strong>Kalek\u00f6y (<\/strong><a href=\"https:\/\/antalyatouristinformation.com\/d\/things-to-do\/history\/simena\/\" style=\"outline: none;\"><strong>Simena<\/strong><\/a><strong>)&nbsp;<\/strong>and&nbsp;<strong>\u00dc\u00e7a\u011f\u0131z (Teimioussa)<\/strong>.<\/p>\n<p>There has been no permanent population on the island since about the 1850&#8217;s. Although, it&#8217;s possible to see many yachts anchored in this area for weeks as it is a very popular destination for sailors, with its unspoiled nature.<\/p>\n<p>There are many interesting places waiting to be discovered in the Kekova region, such as the ruins of <strong>Simena<\/strong> and <strong>Teimussa <\/strong>and the ruins of the ancient cities of<strong> Aperlai <\/strong>and <strong>Dolihiste.<\/strong><\/p>\n<h3>Sunken City (Dolichiste)<\/h3>\n<p><strong>You should definitely see the sunken city<\/strong> on the north side of the island overlooking Kalek\u00f6y. The ruins of the old streets and buildings are under the water and can be seen prominently. It&#8217;s believed that the <strong>ancient city<\/strong> was submerged in the 2nd century BC as a result of a large earthquake (like Aperlai and Simena).<\/p>\n<h3>Tersane<\/h3>\n<p>Tersane was a former<strong>&nbsp;naval shipyard in ancient times<\/strong>. You can see the underwater ruins of a Byzantine church as well. Tersane bay is located on the northwest part of the island. Excursion boats usually stop there to swim and observe.&nbsp;<\/p>\n<p>The reflection of the sunlight in the blue cave, which is large enough to enter by boat, creates wonderful views.<\/p>\n<p><span><img decoding=\"async\" alt=\"kekova \u0131sland in Antalya in Turkey 1\" data-id=\"2054\" width=\"702\" data-init-width=\"1000\" height=\"470\" data-init-height=\"670\" title=\"kekova \u0131sland in Antalya in Turkey 1\" loading=\"lazy\" src=\"https:\/\/antalyatouristinformation.com\/d\/wp-content\/uploads\/sites\/9\/2021\/04\/kekova-island.jpg\" data-width=\"702\" data-height=\"470\" data-pinpro-key=\"gj4cbrcqc\" data-pin-media=\"https:\/\/antalyatouristinformation.com\/d\/wp-content\/uploads\/sites\/9\/2021\/06\/prag_50_sehenswuerdigkeiten_pinterest-11-3.jpg\" data-pin-description=\"Guide to Kekova Island in Demre | Antalya Tourist Information\" data-pin-url=\"https:\/\/antalyatouristinformation.com\/d\/things-to-do\/islands\/kekova\/?tve=true&amp;tcbf=cd7dd7a6c4\"><\/span><\/p>\n<h2 id=\"t-1624000748648\">Entrance, Tickets, and Tours<\/h2>\n<ul>\n<li><span style=\"\"><strong>Tours : <\/strong>You can visit the villages of Kalek\u00f6y and \u00dc\u00e7a\u011f\u0131z, Aperlai, Akvaryum Bay, Kocakar\u0131 Bay, Kekova Sunken City, Calagic, G\u00f6kkaya Bay, Syangoz Bay, and Bur\u00e7 Bay in the Kekova region with <strong>daily boat tours <\/strong>or<strong>&nbsp;<a href=\"https:\/\/antalyatouristinformation.com\/d\/holidays\/blue-cruise\/\" style=\"outline: none;\"><strong>Blue Cruise Tours<\/strong><\/a><\/strong> with boat accommodation.<\/span><\/li>\n<\/ul>\n<ul>\n<li><span style=\"\"><a href=\"https:\/\/www.getyourguide.com\/kaleueaz-l144437\/from-kas-harbour-private-boat-tour-to-kekova-t377131\/\" target=\"_blank\" style=\"outline: none;\" rel=\"noopener\">From Ka\u015f Harbor: Private Boat Tour to Kekova<\/a> &#8211; This daily trip takes about 9 hours. Spend the day on the water exploring hidden coves and admiring fortresses and Byzantine ruins. Swim in Yagl\u0131ca Bay, admire Lycian Royal Tombs in Kalek\u00f6y, and enjoy typical delicacies in the all-organic lunch served onboard. This kind of daily excursion trip price is around 850 \u20ac per group with up to 10 people.&nbsp;<\/span><\/li>\n<\/ul>\n<ul>\n<li><span style=\"\"><a href=\"https:\/\/www.getyourguide.com\/kekova-island-l33480\/from-demre-private-boat-trip-to-kekova-t237752\/\" target=\"_blank\" style=\"outline: none;\" rel=\"noopener\">From Demre: Private Boat Trip to Kekova<\/a>&nbsp;&#8211;<strong><strong>&nbsp;<\/strong><\/strong>It&#8217;s possible to hire a private boat to explore the highlights around Kekova Island. With this kind of trip, you can have an intimate experience spending time around Kekova. Whether you&#8217;re interested in taking multiple dips in the water, exploring ruins and caves, or just taking in the sun, you will enjoy your time at sea with a private boat. This kind of daily excursion trip price is around 280 \u20ac per group of up to 8 people.<\/span><\/li>\n<\/ul>\n<ul>\n<li><span style=\"\"><a href=\"https:\/\/vigotours.com\/kemer-turkey\/blue-cruise-turkey-from-kemer-to-kekova\" target=\"_blank\" rel=\"noopener\">From Kemer to Kekova:<\/a><a href=\"https:\/\/vigotours.com\/kemer-turkey\/blue-cruise-turkey-from-kemer-to-kekova\" target=\"_blank\" style=\"outline: none;\" rel=\"noopener\">&nbsp;Blue Cruise Turkey&nbsp;<\/a>&nbsp;&#8211; Discover the marvelous coast of Western Antalya for 7 days with a Gulet Blue Cruise. An adventurous trip with history, culture, and nature. &nbsp;The prices change depending on the month. It costs about 500 \u20ac per person in the highest season.<\/span><\/li>\n<\/ul>\n<ul>\n<li><span style=\"\"><strong>Tip:<\/strong> To book amusement parks, museums, and tour tickets in advance of your trip to the Antalya region, don&#8217;t hesitate to check out the deals in our official shop.<\/span><\/li>\n<\/ul>\n<p><span><img decoding=\"async\" alt=\"\" data-id=\"2050\" width=\"702\" data-init-width=\"1000\" height=\"471\" data-init-height=\"670\" title=\"kekova bay in Antalya in Turkey\" loading=\"lazy\" src=\"https:\/\/antalyatouristinformation.com\/d\/wp-content\/uploads\/sites\/9\/2021\/04\/kekova-bay.jpg\" data-width=\"702\" data-height=\"471\" style=\"\" data-pinpro-key=\"zy6iw88rq\" data-pin-media=\"https:\/\/antalyatouristinformation.com\/d\/wp-content\/uploads\/sites\/9\/2021\/06\/prag_50_sehenswuerdigkeiten_pinterest-11-3.jpg\" data-pin-description=\"Guide to Kekova Island in Demre | Antalya Tourist Information\" data-pin-url=\"https:\/\/antalyatouristinformation.com\/d\/things-to-do\/islands\/kekova\/?tve=true&amp;tcbf=cd7dd7a6c4\"><\/span><\/p>\n<h2 id=\"t-1624000748649\">How to Get to Kekova Island<\/h2>\n<p>Transportation to the island is provided <strong>only by boats<\/strong>. Excursion boats depart from the town of <strong><strong>\u00dc\u00e7a\u011f\u0131z,<\/strong>&nbsp;<\/strong>which is a lovely fishing village in Demre.<\/p>\n<ul>\n<li><strong>By Car :<\/strong> You should follow the <strong>\u00dc\u00e7a\u011f\u0131z<\/strong><strong>&nbsp;<\/strong>signs that you will encounter while driving from Ka\u015f towards Side, Antalya with your vehicle. You can rent a car easily from Antalya to reach this place. Check our guide to renting a car in Antalya.<\/li>\n<li><strong>Public Transportation :&nbsp;<\/strong>You can get the<strong> Antalya &#8211; Kekova<\/strong> bus from Ka\u015f, Kalkan, Finike, and Demre city center to reach the village of&nbsp;<strong><strong><strong>\u00dc\u00e7a\u011f\u0131z<\/strong><\/strong><\/strong> in Demre.&nbsp;<\/li>\n<\/ul>\n<p>Check out the distances from nearby towns to <strong><strong>\u00dc\u00e7a\u011f\u0131z<\/strong><\/strong><a href=\"https:\/\/moovitapp.com\/index\/en\/public_transit-Kekova_\u00dc\u00e7a\u011f\u0131z-Antalya-site_36302545-3462\" target=\"_blank\" rel=\"noopener\">using this link.<\/a><\/p>\n<h2 style=\"\" id=\"t-1624000748650\" data-alt-text=\"Frequently Asked Questions\">FAQ (Frequently Asked Questions)<\/h2>\n<h3>Hotels Near Kekova Island<\/h3>\n<p>Here you will find 4 suggestions of the nicest accommodations close to Kekova Island:<\/p>\n<ul>\n<li><strong><span>La Kumsal Hotel :<\/span>&nbsp;<\/strong>La Kumsal Hotel offers stunning views of the sea and Meis Island. Most of the rooms have a sea view. The day starts with an open buffet breakfast here. The \u00e0 la carte restaurant serves unique tastes of Mediterranean cuisine. Ka\u015f town center is 5 km from the hotel. <strong>Address :&nbsp;<\/strong>Cukurba\u011f Yar\u0131m Adas\u0131 Beyhan Cenkci Cad. No: 74, Ka\u015f<\/li>\n<li><strong><span>Alley Prime Hotel : <\/span><\/strong><span>I<\/span>s an ideal luxury hotel in Ka\u015f with relaxing rooms. <strong>Address :&nbsp;<\/strong>Andifli Mahallesi, Bulent Kalkavan Sokak No: 14\/1, Ka\u015f 07580 Turkey<\/li>\n<li><strong><span>Kekova Pansiyon :<\/span>&nbsp;<\/strong>Kekova Pansiyon is situated on the seaside in a very historical village surrounded by ruins. It has 8 very large rooms all facing the sea. You can taste traditional home made meals and enjoy the lounging area by the sea. <strong>Address :&nbsp;<\/strong>\u00dc\u00e7ag\u0131z Koyu, Kekova<\/li>\n<li><strong>Em-Ba Butik Bungalow: <\/strong>Em-Ba Boutique Bungalow offers a holiday in touch with nature in Demre. It&#8217;s a short distance from the sea and promises a pleasant holiday in Antalya with its lush garden and peaceful atmosphere. It&#8217;s both affordable and fun. <strong>Address:&nbsp;<\/strong>Beymelek, \u015eht. \u0130brahim \u00c7elik Cd. No:129, 07570 Demre\/Antalya<\/li>\n<\/ul>\n<p><span><img decoding=\"async\" alt=\"\" data-id=\"2051\" width=\"702\" data-init-width=\"1000\" height=\"471\" data-init-height=\"670\" title=\"kekova bay in antalya in turkey\" loading=\"lazy\" src=\"\/\/antalyatouristinformation.com\/d\/wp-content\/uploads\/sites\/9\/2021\/04\/kekova-bay-in-antalya-in-turkey.jpg\" data-width=\"702\" data-height=\"471\" data-pinpro-key=\"ru6ervsds\" data-pin-media=\"https:\/\/antalyatouristinformation.com\/d\/wp-content\/uploads\/sites\/9\/2021\/06\/prag_50_sehenswuerdigkeiten_pinterest-11-3.jpg\" data-pin-description=\"Guide to Kekova Island in Demre | Antalya Tourist Information\" data-pin-url=\"https:\/\/antalyatouristinformation.com\/d\/things-to-do\/islands\/kekova\/?tve=true&amp;tcbf=cd7dd7a6c4\"><\/span><\/p>\n<h2 id=\"t-1624000748651\" data-alt-text=\"History of Kekova Island\">The History of Kekova Island<\/h2>\n<p>The word &#8220;Kekova&#8221; in Turkish means &#8220;plain of thyme&#8221;. This describes the region that includes the island of Kekova, the villages of Kalek\u00f6y and \u00dc\u00e7ag\u0131z and the three ancient cities of Simena, Teimussa, and Tersane (which means &#8220;shipyard&#8221;, since its bay was the site of an old shipyard, with mostly Byzantine ruins).<\/p>\n<p>Kekova was re-established and developed during the Byzantine period, but its development could not continue due to Arab invasions.<\/p>\n<p>The Kekova region was declared a Specially Protected Area in 1990 to protect the natural, cultural, and geographical wealth of Kekova Island and the surrounding coastline. The Kekova protected area is 260 km\u00b2 and is managed by the Ministry of the Environment, authority for the Protection of Special Areas in Turkey.<\/p>\n<p>The area is not declared a &#8220;National Park&#8221; nevertheless. The places that border the villages of \u00dc\u00e7ag\u0131z and Kalek\u00f6y, as well as four ancient cities &#8211; Dolichiste, Aperlai, Simena, and Teimussu. The submerged cities were initially completely closed for diving and snorkeling, but later this ban was partially lifted.<\/p>\n<p>In 2000, Kekova was nominated for World Heritage inscription and appears on UNESCO&#8217;s &#8220;tentative list&#8221; in the cultural heritage category.<\/p>\n<h2 style=\"\" id=\"t-1624000748652\">Contact<\/h2>\n<ul>\n<li><span style=\"\"><strong>Address :&nbsp;<\/strong>Kekova Adas\u0131 &#8211; 07570 Demre\/Antalya<\/span><\/li>\n<li><span style=\"\"><strong>Public Transport:&nbsp;<\/strong>By excursion boats&nbsp;<\/span><\/li>\n<\/ul>\n<p>Have a look at other islands in the Antalya region:<\/p>\n<ul>\n<li><a href=\"https:\/\/antalyatouristinformation.com\/d\/things-to-do\/islands\/dolphin\/\" style=\"outline: none;\">Dolphin Island in Antalya<\/a><\/li>\n<li><a href=\"https:\/\/antalyatouristinformation.com\/d\/things-to-do\/islands\/uc-adalar\/\" style=\"outline: none;\">\u00dc\u00e7 Adalar Islands in Kemer<\/a><\/li>\n<li><a href=\"https:\/\/antalyatouristinformation.com\/d\/things-to-do\/islands\/kastellorizo\/\" style=\"outline: none;\">Kastellorizo Island in Ka\u015f<\/a><\/li>\n<li><a href=\"https:\/\/antalyatouristinformation.com\/d\/things-to-do\/islands\/suluada\/\" style=\"outline: none;\">Suluada Island in Antalya<\/a><\/li>\n<li><a href=\"https:\/\/antalyatouristinformation.com\/d\/things-to-do\/islands\/\" style=\"outline: none;\">8 Amazing Islands in Antalya<\/a><\/li>\n<\/ul>\n","protected":false},"excerpt":{"rendered":"<p>Kekova Island is a very popular destination that attracts many tourists every year. It&#8217;s Turkey&#8217;s&nbsp;largest island in the&nbsp;Mediterranean. The&nbsp;Island of Kekova&nbsp;and the sunken city, are among the most visited places in the Mediterranean, both are&nbsp;unique historical locations underwater and on land. You can visit this area with daily excursion boats and it has the cleanest [&hellip;]<\/p>\n","protected":false},"author":4,"featured_media":2048,"parent":3347,"menu_order":0,"comment_status":"open","ping_status":"closed","template":"","meta":{"_acf_changed":false,"footnotes":""},"categories":[],"tags":[36,44],"class_list":["post-1942","page","type-page","status-publish","has-post-thumbnail","hentry","tag-attraction","tag-island","post-wrapper","thrv_wrapper"],"acf":[],"wp-worthy-pixel":{"ignored":false,"public":null,"server":null,"url":null},"wp-worthy-type":"normal","_links":{"self":[{"href":"https:\/\/antalyatouristinformation.com\/d\/wp-json\/wp\/v2\/pages\/1942","targetHints":{"allow":["GET"]}}],"collection":[{"href":"https:\/\/antalyatouristinformation.com\/d\/wp-json\/wp\/v2\/pages"}],"about":[{"href":"https:\/\/antalyatouristinformation.com\/d\/wp-json\/wp\/v2\/types\/page"}],"author":[{"embeddable":true,"href":"https:\/\/antalyatouristinformation.com\/d\/wp-json\/wp\/v2\/users\/4"}],"replies":[{"embeddable":true,"href":"https:\/\/antalyatouristinformation.com\/d\/wp-json\/wp\/v2\/comments?post=1942"}],"version-history":[{"count":50,"href":"https:\/\/antalyatouristinformation.com\/d\/wp-json\/wp\/v2\/pages\/1942\/revisions"}],"predecessor-version":[{"id":10716,"href":"https:\/\/antalyatouristinformation.com\/d\/wp-json\/wp\/v2\/pages\/1942\/revisions\/10716"}],"up":[{"embeddable":true,"href":"https:\/\/antalyatouristinformation.com\/d\/wp-json\/wp\/v2\/pages\/3347"}],"wp:featuredmedia":[{"embeddable":true,"href":"https:\/\/antalyatouristinformation.com\/d\/wp-json\/wp\/v2\/media\/2048"}],"wp:attachment":[{"href":"https:\/\/antalyatouristinformation.com\/d\/wp-json\/wp\/v2\/media?parent=1942"}],"wp:term":[{"taxonomy":"category","embeddable":true,"href":"https:\/\/antalyatouristinformation.com\/d\/wp-json\/wp\/v2\/categories?post=1942"},{"taxonomy":"post_tag","embeddable":true,"href":"https:\/\/antalyatouristinformation.com\/d\/wp-json\/wp\/v2\/tags?post=1942"}],"curies":[{"name":"wp","href":"https:\/\/api.w.org\/{rel}","templated":true}]}}