{"id":2610,"date":"2021-04-14T16:45:04","date_gmt":"2021-04-14T14:45:04","guid":{"rendered":"https:\/\/antalyatouristinformation.com\/d\/?page_id=2610"},"modified":"2021-05-19T09:08:04","modified_gmt":"2021-05-19T07:08:04","slug":"teambulding","status":"publish","type":"page","link":"https:\/\/antalyatouristinformation.com\/d\/mice\/teambulding\/","title":{"rendered":"Plan a Team Building Event in Antalya"},"content":{"rendered":"<p style=\"text-align: center; font-size: 15px !important;\">Group Service<\/p>\n<h1 style=\"text-align: center;\">The Guide to Team Building in Antalya<\/h1>\n<p style=\"text-align: center;\">Call 1234567891234 or mailto info@antalyatouristinformation.com\/d<\/p>\n<p>A successful team building event encourages collaboration and teamwork. It brings people together, develops their strengths and makes your employees feel valued.<\/p>\n<p>In Antalya we offer team building with 24\/7 support, custom travel planing and the organization of the whole with carefuly selected partners.&nbsp;<\/p>\n<p>We will will find the right team building event for your purposes and your group size. Contact us and we will send you a custom non-binding offer within 24 to 48 hours.&nbsp;<\/p>\n<p><strong>We have the right event:<\/strong> anything is possible between a Belly Dancing Workshop and Drum Circles at the beach.<\/p>\n<h2 style=\"text-align: center;\">Our Benefits in Antalya<\/h2>\n<h4>24\/7 Support<\/h4>\n<p style=\"\">We are available 24\/7, also if your team building event lasts until the early morning.&nbsp;<\/p>\n<h4>Custom Planing<\/h4>\n<p style=\"\">Custom travel planing with beneftis at selected locations in Antalya and Turkey.&nbsp;<\/p>\n<h4>Single Source<\/h4>\n<p style=\"\">Talk with a single person for your transfer, the location, hotel and events in Antalya.&nbsp;<\/p>\n<h2 style=\"text-align: center;\">Classic Team Building or Custom Event?<\/h2>\n<p style=\"text-align: center;\">Here are our most popular team building events. We also carry out custom requests for events in Turkey.<\/p>\n<h3 style=\"\">1. Survivor Tribal Games<\/h3>\n<p style=\"text-align: left;\">Compete in different teams, or rather, tribes. Survivor tribal games are an exciting way to improve effective communication as well as leadership.<\/p>\n<h3 style=\"\">2. Treasure Hunt<\/h3>\n<p style=\"text-align: left;\">Can you work together and find the treasure in time? This event can be held in places like Antalya Oldtown, the <a href=\"https:\/\/antalyatouristinformation.com\/d\/things-to-do\/waterfall\/kursunlu\/\" style=\"outline: none;\">Kur\u015funlu Waterfall Natural Park<\/a> or even on the premises of your conference hotel.<\/p>\n<h3 style=\"\">3. Beach Olympics<\/h3>\n<p style=\"text-align: left;\">Improve skills like creative solutions and strategic planning during a fun day on one of Antalya&#8217;s picturesque <a href=\"https:\/\/antalyatouristinformation.com\/d\/things-to-do\/beach\/\">beaches<\/a>. Divided into groups, you will face different challenges that involve a lot of water<\/p>\n<h3 style=\"\">4. Drum Circle<\/h3>\n<p style=\"text-align: left;\">Sit in a circle and communicate with your team through music. This rhythmic team building event is a fun indoor event that promotes a sense of belonging while relieving stress.<\/p>\n<h3 style=\"\">5. Setup My Tent<\/h3>\n<p style=\"text-align: left;\">Setting up a tent is not that difficult, you think? Try it once blindfolded and under time pressure! To beat the other team, you need to communicate well and trust each other.<\/p>\n<h3 style=\"\">6. Belly Dance Workshop<\/h3>\n<p style=\"text-align: left;\">Where better to immerse yourself in the world of belly dancing than in Turkey? Men, women, yes even the boss, can move their hips and have fun. This event is also possible in your own conference rooms.<\/p>\n<h3 style=\"\">7. White Water Rafting<\/h3>\n<p align=\"center\" style=\"text-align: left;\">Visit the impressive <a href=\"https:\/\/antalyatouristinformation.com\/d\/things-to-do\/canyon\/koprulu\/\" style=\"outline: none;\">K\u00f6pr\u00fcl\u00fc Canyon<\/a>, a natural wonder of Turkey. Enjoy with your team a rafting tour on on K\u00f6pr\u00fcl\u00fc River, one of the most popular rafting routes in Turkey.<\/p>\n<h3 style=\"\">8. Bamboo Raft Building<\/h3>\n<p style=\"text-align: left;\">Building a raft is one of the most popular team building events in the world. It is an effective activity that demands team work, strategic planning and competition.<\/p>\n<h3 style=\"\">9. Archery Tournament<\/h3>\n<p style=\"text-align: left;\">An exciting tournament with bow and arrow is a team event that will be remembered for a long time. Which team collects the most points and leaves the field victorious?<\/p>\n<h3 style=\"\">10. Classics<\/h3>\n<p style=\"text-align: left;\">We can also organize classic events such as Karaoke, firewalking or paintball. Get in touch with us to learn about the available team building events.&nbsp;<\/p>\n<h2 style=\"\">Frequently Asked Questions:<\/h2>\n<h2 style=\"text-align: center;\">Purpose of Team Building in Antalya<\/h2>\n<p>Antalya is a famous destination for summer, sun and beach holidays.<\/p>\n<p>The numerous attractions, acitivties and sights like rafting in K\u00f6pr\u00fcl\u00fc Canyon, beaches and ancient ruins are also a possibility to spend quality time together.<\/p>\n<p>There isn&#8217;t much opportunity or time in the office to get to know colleagues better.<\/p>\n<p>Taking employees out of the office and treating them to a team-building event helps them get to know their colleagues in a fun environment. In this way, they can build effective working relationships.<\/p>\n<p>Shared experiences, impressions and memories will them help to bond in the future. A team building event can improve motivation, boost team morale and increase productivity.<\/p>\n<p>Successful team building events can be transferred back to workplace and will be remembered long after the event is over.<\/p>\n<p>We will be there to assist you in choosing the right team building events. in Antalya. Please contact us for an initial non-binding consultation, where we can review your needs.<\/p>\n<h2 style=\"text-align: center;\">Our Benefits in Antalya<\/h2>\n<ul>\n<li style=\"\"><span style=\"\"><strong><strong>The entire accompanying Program:<\/strong>&nbsp;<\/strong>We can organize the group transfer from the airport, venues, hotels, catering and much more. You will have to talk only to a single source.&nbsp;<\/span><\/li>\n<li style=\"\"><span style=\"\"><strong><strong>24\/7 Customer Support:<\/strong>&nbsp;<\/strong>The event lasts until the early morning? No problem. We are at your disposal 24\/7 for all your questions during your team building event<\/span><\/li>\n<li style=\"\"><span style=\"\"><strong>Individual Consultation:<\/strong> Once we have received your inquiry, we will check your requirements and send you a no pressure offer tailored to your preferences within 24 to 48 hours.<\/span><\/li>\n<\/ul>\n<p>__CONFIG_group_edit__{&#8220;k7owbba8&#8221;:{&#8220;name&#8221;:&#8221;All Contact Form Label(s)&#8221;,&#8221;singular&#8221;:&#8221;&#8211; Contact Form Label %s&#8221;},&#8221;k7owbez5&#8243;:{&#8220;name&#8221;:&#8221;All Contact Form Input(s)&#8221;,&#8221;singular&#8221;:&#8221;&#8211; Contact Form Input %s&#8221;}}__CONFIG_group_edit____CONFIG_local_colors__{&#8220;colors&#8221;:{&#8220;d792b&#8221;:&#8221;Royal Blue&#8221;,&#8221;81c9d&#8221;:&#8221;Link Water&#8221;,&#8221;d9e87&#8243;:&#8221;Bunker&#8221;,&#8221;12c4f&#8221;:&#8221;Deep Cove&#8221;},&#8221;gradients&#8221;:{}}__CONFIG_local_colors__<\/p>\n<h2 style=\"text-align: center;\">Free initial Consultation<\/h2>\n<p style=\"text-align: center;\">We would be pleased to talk about your expectations.&nbsp;<\/p>\n<p style=\"text-align: center;\">\n<p style=\"text-align: center;\">Call&nbsp;<a href=\"tel:1234567890\" target=\"_blank\" style=\"outline: none;\" rel=\"noopener\">1234567901234<\/a> or mailto &nbsp;<a href=\"mailto:info@antalyatouristinformation.com\/d\" target=\"_blank\" style=\"outline: none;\" rel=\"noopener\">info@antalyatouristinformation.com\/d<\/a><\/p>\n<p>__CONFIG_colors_palette__{&#8220;active_palette&#8221;:0,&#8221;config&#8221;:{&#8220;colors&#8221;:{&#8220;493bf&#8221;:{&#8220;name&#8221;:&#8221;Main Accent&#8221;,&#8221;parent&#8221;:-1},&#8221;076c1&#8243;:{&#8220;name&#8221;:&#8221;Main Accent Light&#8221;,&#8221;parent&#8221;:&#8221;493bf&#8221;,&#8221;lock&#8221;:{&#8220;lightness&#8221;:1}}},&#8221;gradients&#8221;:[]},&#8221;palettes&#8221;:[{&#8220;name&#8221;:&#8221;Default&#8221;,&#8221;value&#8221;:{&#8220;colors&#8221;:{&#8220;493bf&#8221;:{&#8220;val&#8221;:&#8221;var(&#8211;tcb-skin-color-0)&#8221;},&#8221;076c1&#8243;:{&#8220;val&#8221;:&#8221;rgba(247, 29, 61, 0.6)&#8221;,&#8221;hsl_parent_dependency&#8221;:{&#8220;h&#8221;:351,&#8221;l&#8221;:0.54,&#8221;s&#8221;:0.93}}},&#8221;gradients&#8221;:[]},&#8221;original&#8221;:{&#8220;colors&#8221;:{&#8220;493bf&#8221;:{&#8220;val&#8221;:&#8221;rgb(47, 138, 229)&#8221;,&#8221;hsl&#8221;:{&#8220;h&#8221;:210,&#8221;s&#8221;:0.77,&#8221;l&#8221;:0.54,&#8221;a&#8221;:1}},&#8221;076c1&#8243;:{&#8220;val&#8221;:&#8221;rgba(47, 138, 229, 0.6)&#8221;,&#8221;hsl_parent_dependency&#8221;:{&#8220;h&#8221;:210,&#8221;s&#8221;:0.77,&#8221;l&#8221;:0.54,&#8221;a&#8221;:0.6}}},&#8221;gradients&#8221;:[]}}]}__CONFIG_colors_palette__    Name      Preferred Contact   __CONFIG_colors_palette__{&#8220;active_palette&#8221;:0,&#8221;config&#8221;:{&#8220;colors&#8221;:{&#8220;30800&#8221;:{&#8220;name&#8221;:&#8221;Main Accent&#8221;,&#8221;parent&#8221;:-1},&#8221;f2bba&#8221;:{&#8220;name&#8221;:&#8221;Main Light 10&#8243;,&#8221;parent&#8221;:&#8221;30800&#8243;},&#8221;trewq&#8221;:{&#8220;name&#8221;:&#8221;Main Light 30&#8243;,&#8221;parent&#8221;:&#8221;30800&#8243;},&#8221;frty6&#8243;:{&#8220;name&#8221;:&#8221;Main Light 45&#8243;,&#8221;parent&#8221;:&#8221;30800&#8243;},&#8221;flktr&#8221;:{&#8220;name&#8221;:&#8221;Main Light 80&#8243;,&#8221;parent&#8221;:&#8221;30800&#8243;}},&#8221;gradients&#8221;:[]},&#8221;palettes&#8221;:[{&#8220;name&#8221;:&#8221;Default&#8221;,&#8221;value&#8221;:{&#8220;colors&#8221;:{&#8220;30800&#8221;:{&#8220;val&#8221;:&#8221;rgb(234, 7, 41)&#8221;,&#8221;hsl&#8221;:{&#8220;h&#8221;:351.0132158590308,&#8221;s&#8221;:0.941908713692946,&#8221;l&#8221;:0.4725490196078431,&#8221;a&#8221;:1}},&#8221;f2bba&#8221;:{&#8220;val&#8221;:&#8221;rgba(253, 59, 88, 0.1)&#8221;,&#8221;hsl_parent_dependency&#8221;:{&#8220;h&#8221;:351.03092783505156,&#8221;s&#8221;:0.9797979797979799,&#8221;l&#8221;:0.611764705882353,&#8221;a&#8221;:0.1}},&#8221;trewq&#8221;:{&#8220;val&#8221;:&#8221;rgba(253, 59, 88, 0.3)&#8221;,&#8221;hsl_parent_dependency&#8221;:{&#8220;h&#8221;:351.03092783505156,&#8221;s&#8221;:0.9797979797979799,&#8221;l&#8221;:0.611764705882353,&#8221;a&#8221;:0.3}},&#8221;frty6&#8243;:{&#8220;val&#8221;:&#8221;rgba(253, 59, 88, 0.45)&#8221;,&#8221;hsl_parent_dependency&#8221;:{&#8220;h&#8221;:351.03092783505156,&#8221;s&#8221;:0.9797979797979799,&#8221;l&#8221;:0.611764705882353,&#8221;a&#8221;:0.45}},&#8221;flktr&#8221;:{&#8220;val&#8221;:&#8221;rgba(253, 59, 88, 0.8)&#8221;,&#8221;hsl_parent_dependency&#8221;:{&#8220;h&#8221;:351.03092783505156,&#8221;s&#8221;:0.9797979797979799,&#8221;l&#8221;:0.611764705882353,&#8221;a&#8221;:0.8}}},&#8221;gradients&#8221;:[]},&#8221;original&#8221;:{&#8220;colors&#8221;:{&#8220;30800&#8221;:{&#8220;val&#8221;:&#8221;rgb(59, 136, 253)&#8221;,&#8221;hsl&#8221;:{&#8220;h&#8221;:216,&#8221;s&#8221;:0.98,&#8221;l&#8221;:0.61}},&#8221;f2bba&#8221;:{&#8220;val&#8221;:&#8221;rgba(59, 136, 253, 0.1)&#8221;,&#8221;hsl_parent_dependency&#8221;:{&#8220;h&#8221;:216,&#8221;s&#8221;:0.98,&#8221;l&#8221;:0.61,&#8221;a&#8221;:0.1}},&#8221;trewq&#8221;:{&#8220;val&#8221;:&#8221;rgba(59, 136, 253, 0.3)&#8221;,&#8221;hsl_parent_dependency&#8221;:{&#8220;h&#8221;:216,&#8221;s&#8221;:0.98,&#8221;l&#8221;:0.61,&#8221;a&#8221;:0.3}},&#8221;frty6&#8243;:{&#8220;val&#8221;:&#8221;rgba(59, 136, 253, 0.45)&#8221;,&#8221;hsl_parent_dependency&#8221;:{&#8220;h&#8221;:216,&#8221;s&#8221;:0.98,&#8221;l&#8221;:0.61,&#8221;a&#8221;:0.45}},&#8221;flktr&#8221;:{&#8220;val&#8221;:&#8221;rgba(59, 136, 253, 0.8)&#8221;,&#8221;hsl_parent_dependency&#8221;:{&#8220;h&#8221;:216,&#8221;s&#8221;:0.98,&#8221;l&#8221;:0.61,&#8221;a&#8221;:0.8}}},&#8221;gradients&#8221;:[]}}]}__CONFIG_colors_palette__   <span style=\"\"><\/span> <span style=\"\">Callback<\/span>  __CONFIG_colors_palette__{&#8220;active_palette&#8221;:0,&#8221;config&#8221;:{&#8220;colors&#8221;:{&#8220;30800&#8221;:{&#8220;name&#8221;:&#8221;Main Accent&#8221;,&#8221;parent&#8221;:-1},&#8221;f2bba&#8221;:{&#8220;name&#8221;:&#8221;Main Light 10&#8243;,&#8221;parent&#8221;:&#8221;30800&#8243;},&#8221;trewq&#8221;:{&#8220;name&#8221;:&#8221;Main Light 30&#8243;,&#8221;parent&#8221;:&#8221;30800&#8243;},&#8221;frty6&#8243;:{&#8220;name&#8221;:&#8221;Main Light 45&#8243;,&#8221;parent&#8221;:&#8221;30800&#8243;},&#8221;flktr&#8221;:{&#8220;name&#8221;:&#8221;Main Light 80&#8243;,&#8221;parent&#8221;:&#8221;30800&#8243;}},&#8221;gradients&#8221;:[]},&#8221;palettes&#8221;:[{&#8220;name&#8221;:&#8221;Default&#8221;,&#8221;value&#8221;:{&#8220;colors&#8221;:{&#8220;30800&#8221;:{&#8220;val&#8221;:&#8221;rgb(234, 7, 41)&#8221;,&#8221;hsl&#8221;:{&#8220;h&#8221;:351.0132158590308,&#8221;s&#8221;:0.941908713692946,&#8221;l&#8221;:0.4725490196078431,&#8221;a&#8221;:1}},&#8221;f2bba&#8221;:{&#8220;val&#8221;:&#8221;rgba(253, 59, 88, 0.1)&#8221;,&#8221;hsl_parent_dependency&#8221;:{&#8220;h&#8221;:351.03092783505156,&#8221;s&#8221;:0.9797979797979799,&#8221;l&#8221;:0.611764705882353,&#8221;a&#8221;:0.1}},&#8221;trewq&#8221;:{&#8220;val&#8221;:&#8221;rgba(253, 59, 88, 0.3)&#8221;,&#8221;hsl_parent_dependency&#8221;:{&#8220;h&#8221;:351.03092783505156,&#8221;s&#8221;:0.9797979797979799,&#8221;l&#8221;:0.611764705882353,&#8221;a&#8221;:0.3}},&#8221;frty6&#8243;:{&#8220;val&#8221;:&#8221;rgba(253, 59, 88, 0.45)&#8221;,&#8221;hsl_parent_dependency&#8221;:{&#8220;h&#8221;:351.03092783505156,&#8221;s&#8221;:0.9797979797979799,&#8221;l&#8221;:0.611764705882353,&#8221;a&#8221;:0.45}},&#8221;flktr&#8221;:{&#8220;val&#8221;:&#8221;rgba(253, 59, 88, 0.8)&#8221;,&#8221;hsl_parent_dependency&#8221;:{&#8220;h&#8221;:351.03092783505156,&#8221;s&#8221;:0.9797979797979799,&#8221;l&#8221;:0.611764705882353,&#8221;a&#8221;:0.8}}},&#8221;gradients&#8221;:[]},&#8221;original&#8221;:{&#8220;colors&#8221;:{&#8220;30800&#8221;:{&#8220;val&#8221;:&#8221;rgb(59, 136, 253)&#8221;,&#8221;hsl&#8221;:{&#8220;h&#8221;:216,&#8221;s&#8221;:0.98,&#8221;l&#8221;:0.61}},&#8221;f2bba&#8221;:{&#8220;val&#8221;:&#8221;rgba(59, 136, 253, 0.1)&#8221;,&#8221;hsl_parent_dependency&#8221;:{&#8220;h&#8221;:216,&#8221;s&#8221;:0.98,&#8221;l&#8221;:0.61,&#8221;a&#8221;:0.1}},&#8221;trewq&#8221;:{&#8220;val&#8221;:&#8221;rgba(59, 136, 253, 0.3)&#8221;,&#8221;hsl_parent_dependency&#8221;:{&#8220;h&#8221;:216,&#8221;s&#8221;:0.98,&#8221;l&#8221;:0.61,&#8221;a&#8221;:0.3}},&#8221;frty6&#8243;:{&#8220;val&#8221;:&#8221;rgba(59, 136, 253, 0.45)&#8221;,&#8221;hsl_parent_dependency&#8221;:{&#8220;h&#8221;:216,&#8221;s&#8221;:0.98,&#8221;l&#8221;:0.61,&#8221;a&#8221;:0.45}},&#8221;flktr&#8221;:{&#8220;val&#8221;:&#8221;rgba(59, 136, 253, 0.8)&#8221;,&#8221;hsl_parent_dependency&#8221;:{&#8220;h&#8221;:216,&#8221;s&#8221;:0.98,&#8221;l&#8221;:0.61,&#8221;a&#8221;:0.8}}},&#8221;gradients&#8221;:[]}}]}__CONFIG_colors_palette__   <span style=\"\"><\/span> <span style=\"\">E-Mail<\/span>   Message   <span style=\"\">0 of 3000<\/span> Characters  __CONFIG_colors_palette__{&#8220;active_palette&#8221;:0,&#8221;config&#8221;:{&#8220;colors&#8221;:{&#8220;34f05&#8221;:{&#8220;name&#8221;:&#8221;Main Accent&#8221;,&#8221;parent&#8221;:-1}},&#8221;gradients&#8221;:[]},&#8221;palettes&#8221;:[{&#8220;name&#8221;:&#8221;Default Palette&#8221;,&#8221;value&#8221;:{&#8220;colors&#8221;:{&#8220;34f05&#8221;:{&#8220;val&#8221;:&#8221;var(&#8211;tcb-local-color-687c7)&#8221;}},&#8221;gradients&#8221;:[]},&#8221;original&#8221;:{&#8220;colors&#8221;:{&#8220;34f05&#8221;:{&#8220;val&#8221;:&#8221;rgb(19, 114, 211)&#8221;,&#8221;hsl&#8221;:{&#8220;h&#8221;:210,&#8221;s&#8221;:0.83,&#8221;l&#8221;:0.45}}},&#8221;gradients&#8221;:[]}}]}__CONFIG_colors_palette__ <a href=\"#\"> <span style=\"\"><span style=\"\" data-tcb_hover_state_parent=\"\">Send Message<\/span><\/span> <\/a><\/p>\n","protected":false},"excerpt":{"rendered":"<p>Group Service The Guide to Team Building in Antalya Call 1234567891234 or mailto info@antalyatouristinformation.com\/d A successful team building event encourages collaboration and teamwork. It brings people together, develops their strengths and makes your employees feel valued. In Antalya we offer team building with 24\/7 support, custom travel planing and the organization of the whole with [&hellip;]<\/p>\n","protected":false},"author":5,"featured_media":8551,"parent":2579,"menu_order":0,"comment_status":"open","ping_status":"closed","template":"","meta":{"_acf_changed":false,"footnotes":"","tve_updated_post":"","tve_custom_css":"","tve_user_custom_css":"","tve_globals":{},"tcb2_ready":1,"tcb_editor_enabled":1,"tve_landing_page":"tcb2-blank-page","_tve_header":"80","_tve_footer":"89"},"categories":[],"tags":[54],"class_list":["post-2610","page","type-page","status-publish","has-post-thumbnail","hentry","tag-mice","post-wrapper","thrv_wrapper"],"acf":[],"wp-worthy-pixel":{"ignored":false,"public":null,"server":null,"url":null},"wp-worthy-type":"normal","_links":{"self":[{"href":"https:\/\/antalyatouristinformation.com\/d\/wp-json\/wp\/v2\/pages\/2610","targetHints":{"allow":["GET"]}}],"collection":[{"href":"https:\/\/antalyatouristinformation.com\/d\/wp-json\/wp\/v2\/pages"}],"about":[{"href":"https:\/\/antalyatouristinformation.com\/d\/wp-json\/wp\/v2\/types\/page"}],"author":[{"embeddable":true,"href":"https:\/\/antalyatouristinformation.com\/d\/wp-json\/wp\/v2\/users\/5"}],"replies":[{"embeddable":true,"href":"https:\/\/antalyatouristinformation.com\/d\/wp-json\/wp\/v2\/comments?post=2610"}],"version-history":[{"count":55,"href":"https:\/\/antalyatouristinformation.com\/d\/wp-json\/wp\/v2\/pages\/2610\/revisions"}],"predecessor-version":[{"id":8555,"href":"https:\/\/antalyatouristinformation.com\/d\/wp-json\/wp\/v2\/pages\/2610\/revisions\/8555"}],"up":[{"embeddable":true,"href":"https:\/\/antalyatouristinformation.com\/d\/wp-json\/wp\/v2\/pages\/2579"}],"wp:featuredmedia":[{"embeddable":true,"href":"https:\/\/antalyatouristinformation.com\/d\/wp-json\/wp\/v2\/media\/8551"}],"wp:attachment":[{"href":"https:\/\/antalyatouristinformation.com\/d\/wp-json\/wp\/v2\/media?parent=2610"}],"wp:term":[{"taxonomy":"category","embeddable":true,"href":"https:\/\/antalyatouristinformation.com\/d\/wp-json\/wp\/v2\/categories?post=2610"},{"taxonomy":"post_tag","embeddable":true,"href":"https:\/\/antalyatouristinformation.com\/d\/wp-json\/wp\/v2\/tags?post=2610"}],"curies":[{"name":"wp","href":"https:\/\/api.w.org\/{rel}","templated":true}]}}