{"id":282,"date":"2021-02-15T13:52:43","date_gmt":"2021-02-15T12:52:43","guid":{"rendered":"http:\/\/antalyatouristinformation.com\/d\/?page_id=282"},"modified":"2021-06-20T21:49:13","modified_gmt":"2021-06-20T19:49:13","slug":"altinbesik","status":"publish","type":"page","link":"https:\/\/antalyatouristinformation.com\/d\/things-to-do\/cave\/altinbesik\/","title":{"rendered":"Visit Alt\u0131nbe\u015fik Cave National Park in Antalya: Location, Entrance, and Tips"},"content":{"rendered":"<p>Alt\u0131nbe\u015fik Cave National Park (D\u00fcdensuyu) is one of the <strong>hidden and captivating beauties in Antalya. <\/strong><\/p>\n<p><strong><\/strong>It&#8217;s located in the \u0130brad\u0131 district in the National Park of the same name. It&#8217;s the largest underground lake in Turkey and attracts many tourists every year.<\/p>\n<p>To learn&nbsp;<strong>why this cave is so special<\/strong> and <strong>how you can visit it<\/strong>, keep reading this article so you can get to know the place before your visit.<\/p>\n<h2 id=\"t-1619792310060\" data-alt-text=\"What Can I Do there?\">What Can I Do at Alt\u0131nbe\u015fik Cave National Park?<\/h2>\n<p>Alt\u0131nbe\u015fik Cave National Park is located <strong>678 meters above sea level<\/strong>, on the western slope of the very steep Manavgat Valley. The valley where Alt\u0131nbe\u015fik Cave is located is covered with <strong>scrub and swamps<\/strong>. Mountains and caves are unusually common in the area around Alt\u0131nbe\u015fik National Park.<\/p>\n<p>The first place to see in the national park is definitely&nbsp;<strong>Alt\u0131nbe\u015fik Cave<\/strong>. The natural beauties you find in Manavgat Valley will, for sure, leave a mark in your memory. Let&#8217;s take a look at the details of what you can do in the village nearby and in the cave itself.<\/p>\n<p><span><img decoding=\"async\" alt=\"\" data-id=\"1751\" width=\"702\" data-init-width=\"1000\" height=\"471\" data-init-height=\"670\" title=\"d\u00fc\u011fmeli evler antalya in turkey\" loading=\"lazy\" src=\"\/\/antalyatouristinformation.com\/d\/wp-content\/uploads\/sites\/9\/2021\/03\/duegmeli-evler-antalya-in-turkey.jpg\" data-width=\"702\" data-height=\"471\" data-pinpro-key=\"9h6olr5om\"><\/span><\/p>\n<h3>D\u00fc\u011fmeli Evler (Buttoned Houses in Ormana Village)<\/h3>\n<p>You can take a look at the village of Ormana on your way to Alt\u0131nbe\u015fik National Park. It&#8217;s a <strong>cute small village with traditional local architecture<\/strong>. These are architectural structures unique to this region and are densely used in the Akseki and \u0130brad\u0131 districts and villages in the Antalya Province. Button houses are structures that are built entirely using local materials (wood and stone).<\/p>\n<p>&nbsp;The history of button houses<strong>&nbsp;goes back 300 years<\/strong>.<\/p>\n<h3>Alt\u0131nbe\u015fik Cave: The Largest Underground Lake in Turkey<\/h3>\n<p>The cave developed in <strong>3 levels, on top of each other<\/strong>. The lowest and middle levels are active in the rainy season and the highest level is constantly dry.<\/p>\n<p>It&#8217;s possible to find a <strong>small cafeteria<\/strong> operated by the Antalya Metropolitan Municipality, which also provides tour boats to Alt\u0131nbe\u015fik Cave.<\/p>\n<p>Since it&#8217;s in the water, your <strong>venture<\/strong><strong>&nbsp;into the cave is made with boats<\/strong>. The boat trip on the turquoise colored pond takes about <span style=\"text-decoration: underline;\">15 minutes<\/span>. The depth of the lake reaches up to 15 meters in places.<\/p>\n<p>There is a <strong>bridge made of a natural rock block<\/strong> in the middle of the lake. At the end of this lake, there is a there is a near vertical travertine wall that covers the 44 meter hall.&nbsp;<\/p>\n<p>The humidity in the cave is high and the average temperature is around 17 degrees. In some places you can see <strong>stalactites and stalagmites<\/strong>.<\/p>\n<p>You can only&nbsp;<strong>enter the cave during the summer and autumn months<\/strong>. In the winter and spring, the cave is completely filled with water and flows from the stream. That&#8217;s why the cave closes naturally during these seasons.<\/p>\n<p><span><img decoding=\"async\" alt=\"\" data-id=\"1748\" width=\"702\" data-init-width=\"1000\" height=\"471\" data-init-height=\"670\" title=\"alt\u0131nbesik cave in antalya in turkey\" loading=\"lazy\" src=\"\/\/antalyatouristinformation.com\/d\/wp-content\/uploads\/sites\/9\/2021\/03\/altinbesik-cave-in-antalya-in-turkey.jpg\" data-width=\"702\" data-height=\"471\" data-pinpro-key=\"ylzo1pynd\"><\/span><\/p>\n<h2 id=\"t-1619792310061\">Entrance, Tickets, and Tours&nbsp;<\/h2>\n<ul>\n<li><span style=\"\"><strong>Entrance:&nbsp;<\/strong>Alt\u0131nbe\u015fik Cave is closed to visitors in the spring and winter months when there is heavy rainfall, you can visit in the summer season after April. The visiting hours for the cave are between <strong>09:00 to 18:00 everyday<\/strong>.&nbsp;<\/span><\/li>\n<li style=\"\"><span style=\"\"><strong>Tickets:<\/strong> The entrance fee for the national park is 11TL in 2021. This price includes the boat tour inside the cave if the weather is appropriate.&nbsp;<\/span><\/li>\n<\/ul>\n<ul>\n<li><span style=\"\"><strong>Tip:<\/strong> To book amusement parks, museums, and tour tickets in advance of your trip to the Antalya region, don&#8217;t hesitate to check out the deals in our official shop.<\/span><\/li>\n<\/ul>\n<h2 id=\"t-1619792310062\" data-alt-text=\"How to Get There\">How to Get to Alt\u0131nbe\u015fik Cave National Park<\/h2>\n<p><strong>By car:<\/strong> Use the D-695 Konya-Manavgat Highway to go the village of \u00dcr\u00fcnl\u00fc. The distance from Antalya-Alanya Highway, Konya Junction to \u00dcr\u00fcnl\u00fc village is about 90 km. Learn about <a href=\"https:\/\/antalyatouristinformation.com\/d\/plan\/rent-a-car\/\" style=\"outline: none;\">how to rent a car in Antalya<\/a>. Another alternative is to use the&nbsp;<a href=\"https:\/\/antalyatouristinformation.com\/d\/things-to-do\/waterfall\/manavgat-waterfall\/\" style=\"outline: none;\">Manavgat Waterfall <\/a>road to get to the \u0130brad\u0131 district and then to \u00dcr\u00fcnl\u00fc village.&nbsp;<\/p>\n<h2 style=\"\" id=\"t-1619792310063\" data-alt-text=\"FAQ\">FAQ (Frequently Asked Questions)<\/h2>\n<p><span><img decoding=\"async\" alt=\"alt\u0131nbesik cave in Antalya in Turkey\" data-id=\"1749\" width=\"702\" data-init-width=\"1000\" height=\"470\" data-init-height=\"670\" title=\"alt\u0131nbesik cave in Antalya in Turkey\" loading=\"lazy\" src=\"https:\/\/antalyatouristinformation.com\/d\/wp-content\/uploads\/sites\/9\/2021\/03\/altinbesik-cave.jpg\" data-width=\"702\" data-height=\"470\" data-pinpro-key=\"nypdgpwfp\"><\/span><\/p>\n<h2 id=\"t-1619792310064\" data-alt-text=\"History \">The History of Alt\u0131nbe\u015fik Cave National Park<\/h2>\n<p>Alt\u0131nbe\u015fik Cave is has been one of the most important caves in the world, since 1994.<\/p>\n<p>The water that comes out of the cave is connected with Bey\u015fehir Lake. It has very large underground water system, one of the longest and largest karst systems in the world, with a length of more than 100 kilometers. It reaches the lower level of the cave from a 200-meter section at the entrance. The river, located in the lower and middle levels, is a very important for keeping the water level unchanged.<\/p>\n<p><span lang=\"en\"><span data-language-for-alternatives=\"en\" data-language-to-translate-into=\"auto\" data-phrase-index=\"0\">It was discovered in 1966 during the surveys carried out in the region for Oymap\u0131nar Dam.<\/span><span data-language-for-alternatives=\"en\" data-language-to-translate-into=\"auto\" data-phrase-index=\"1\">&nbsp;It&#8217;s name comes from Alt\u0131nbe\u015fik hill, located at the top. It was opened for visitors in 1994.<\/span><\/span><\/p>\n<p><span lang=\"en\"><span data-language-for-alternatives=\"en\" data-language-to-translate-into=\"auto\" data-phrase-index=\"1\">Looking for more places to visit in Antalya? Discover more <a href=\"https:\/\/antalyatouristinformation.com\/d\/things-to-do\/cave\/\" style=\"outline: none;\">caves in Antalya<\/a>.<\/span><\/span><\/p>\n<h2 style=\"\" id=\"t-1619792310065\" data-alt-text=\"Contact\">Contact<\/h2>\n<ul>\n<li><span style=\"\"><strong>Address:&nbsp;<\/strong>Alt\u0131nbe\u015fik Ma\u011faras\u0131 Milli Park\u0131 &#8211; \u0130brad\u0131 \/ Antalya<\/span><\/li>\n<li><span style=\"\"><strong>Opening Hours:&nbsp;<\/strong>open everyday from 09.00-18.00<\/span><\/li>\n<\/ul>\n","protected":false},"excerpt":{"rendered":"<p>Alt\u0131nbe\u015fik Cave National Park (D\u00fcdensuyu) is one of the hidden and captivating beauties in Antalya. It&#8217;s located in the \u0130brad\u0131 district in the National Park of the same name. It&#8217;s the largest underground lake in Turkey and attracts many tourists every year. To learn&nbsp;why this cave is so special and how you can visit it, [&hellip;]<\/p>\n","protected":false},"author":4,"featured_media":1745,"parent":147,"menu_order":0,"comment_status":"open","ping_status":"closed","template":"","meta":{"_acf_changed":false,"footnotes":""},"categories":[],"tags":[41],"class_list":["post-282","page","type-page","status-publish","has-post-thumbnail","hentry","tag-cave","post-wrapper","thrv_wrapper"],"acf":[],"wp-worthy-pixel":{"ignored":false,"public":null,"server":null,"url":null},"wp-worthy-type":"normal","_links":{"self":[{"href":"https:\/\/antalyatouristinformation.com\/d\/wp-json\/wp\/v2\/pages\/282","targetHints":{"allow":["GET"]}}],"collection":[{"href":"https:\/\/antalyatouristinformation.com\/d\/wp-json\/wp\/v2\/pages"}],"about":[{"href":"https:\/\/antalyatouristinformation.com\/d\/wp-json\/wp\/v2\/types\/page"}],"author":[{"embeddable":true,"href":"https:\/\/antalyatouristinformation.com\/d\/wp-json\/wp\/v2\/users\/4"}],"replies":[{"embeddable":true,"href":"https:\/\/antalyatouristinformation.com\/d\/wp-json\/wp\/v2\/comments?post=282"}],"version-history":[{"count":45,"href":"https:\/\/antalyatouristinformation.com\/d\/wp-json\/wp\/v2\/pages\/282\/revisions"}],"predecessor-version":[{"id":10905,"href":"https:\/\/antalyatouristinformation.com\/d\/wp-json\/wp\/v2\/pages\/282\/revisions\/10905"}],"up":[{"embeddable":true,"href":"https:\/\/antalyatouristinformation.com\/d\/wp-json\/wp\/v2\/pages\/147"}],"wp:featuredmedia":[{"embeddable":true,"href":"https:\/\/antalyatouristinformation.com\/d\/wp-json\/wp\/v2\/media\/1745"}],"wp:attachment":[{"href":"https:\/\/antalyatouristinformation.com\/d\/wp-json\/wp\/v2\/media?parent=282"}],"wp:term":[{"taxonomy":"category","embeddable":true,"href":"https:\/\/antalyatouristinformation.com\/d\/wp-json\/wp\/v2\/categories?post=282"},{"taxonomy":"post_tag","embeddable":true,"href":"https:\/\/antalyatouristinformation.com\/d\/wp-json\/wp\/v2\/tags?post=282"}],"curies":[{"name":"wp","href":"https:\/\/api.w.org\/{rel}","templated":true}]}}