{"id":319,"date":"2021-02-15T14:52:04","date_gmt":"2021-02-15T13:52:04","guid":{"rendered":"http:\/\/antalyatouristinformation.com\/d\/?page_id=319"},"modified":"2021-06-20T11:50:48","modified_gmt":"2021-06-20T09:50:48","slug":"damlatas","status":"publish","type":"page","link":"https:\/\/antalyatouristinformation.com\/d\/things-to-do\/beach\/damlatas\/","title":{"rendered":"Guide to Damlata\u015f Beach in Alanya: Access, Attractions, and Tips"},"content":{"rendered":"<p>Turkey is chosen by millions of tourists every year for a good reason. Turkey has some of the most beautiful beaches you can find in the Mediterranean. The Antalya region is usually picked as a favorite destination for its beautiful landscapes and sandy beaches. Foreigners even <a href=\"https:\/\/antalyatouristinformation.com\/d\/wedding\/venues\/\" target=\"_blank\" style=\"outline: none;\" rel=\"noopener\">get married on Antalya&#8217;s most amazing beaches<\/a>.<\/p>\n<p>Situated in front of the fascinating Damlata\u015f Cave, picturesque Damlata\u015f Beach in Alanya will captivate you with its crystal clear water and natural beauty.<\/p>\n<p>In this article, you will find all the important information about Damlata\u015f Beach in Alanya, including what to expect during your visit, helpful information about entrance fees, nearby attractions, and how to get there.<\/p>\n<p><span><img decoding=\"async\" alt=\"Damlata\u015f Beach in Alanya in Antalya\" data-id=\"5586\" width=\"702\" data-init-width=\"1000\" height=\"468\" data-init-height=\"667\" title=\"Damlata\u015f Beach in Alanya in Antalya\" src=\"https:\/\/antalyatouristinformation.com\/d\/wp-content\/uploads\/sites\/9\/2021\/05\/Damlatas-Beach-in-Alanya-in-Antalya.jpg\" data-width=\"702\" data-height=\"468\" loading=\"lazy\" data-pin-media=\"https:\/\/antalyatouristinformation.com\/d\/wp-content\/uploads\/sites\/9\/2021\/06\/prag_50_sehenswuerdigkeiten_pinterest-13.jpg\" data-pin-description=\"Guide to Damlata\u015f Beach in Alanya | Antalya Tourist Information\" data-pin-url=\"https:\/\/antalyatouristinformation.com\/d\/things-to-do\/beach\/damlatas\/?tve=true&amp;tcbf=affd232f39\" data-pinpro-key=\"x6hitsalq\"><\/span><\/p>\n<h2 data-alt-text=\"What Can I Do?\" id=\"t-1619538857258\">What Can I Do at Damlata\u015f Beach in Alanya?<\/h2>\n<p>Damlata\u015f Beach on the coast of Damlata\u015f Cave, offers the perfect setting for relaxation by the sea. It&#8217;s the eastern part of the famous <a href=\"https:\/\/antalyatouristinformation.com\/d\/things-to-do\/beach\/cleopatra\/\" style=\"outline: none;\">Cleopatra Beach<\/a> and one of the most popular beaches in Alanya.<\/p>\n<p><strong>As part of Cleopatra Bay<\/strong> where, according to legend, Cleopatra bathed, Damlata\u015f Beach, like its neighbor, has<strong> fine golden sand and crystal clear water<\/strong>.<\/p>\n<p>It&#8217;s not surprising that <strong>diving and snorkeling are some of the most popular activities<\/strong> at Damlata\u015f Beach. Equipped with diving goggles, you can wonderfully admire the different marine animals and the magnificent underwater world in Cleopatra Bay.<\/p>\n<p><strong>The 250 meter long sandy beach<\/strong> is about 100 meters wide. For this reason, you should not have much trouble finding a quiet spot on the beach.<\/p>\n<p>Like Cleopatra Beach, Damlata\u015f Beach has<strong>&nbsp;&#8220;Blue Flag&#8221; status<\/strong>, which confirms the good water quality of the bay.<\/p>\n<p>On site there are <strong>sunbeds, umbrellas, and water sport activities for a fee<\/strong>. Near the beach there are also quite a few <strong>snack bars<\/strong>.<\/p>\n<h3>Tandem Paragliding<\/h3>\n<p>One of the most popular things to do at Damlata\u015f Beach is <a href=\"https:\/\/antalyatouristinformation.com\/d\/things-to-do\/tandem-paragliding\/\" target=\"_blank\" rel=\"noopener\"><strong>t<\/strong><strong>andem paragliding<\/strong><\/a>. If you are interested in this <strong>once-in-a-lifetime experience<\/strong>, then you are in the right place. There are vendors for tandem paragliding at Damlata\u015f Beach \/ Cleopatra Beach.<\/p>\n<p>Have the ultimate <strong>bird&#8217;s eye view of Alanya&#8217;s turquoise waters and attractions&nbsp;<\/strong>such as <a href=\"https:\/\/antalyatouristinformation.com\/d\/things-to-do\/history\/alanya-castle\/\" target=\"_blank\" rel=\"noopener\">Alanya Castle<\/a>, <a href=\"https:\/\/antalyatouristinformation.com\/d\/things-to-do\/beach\/cleopatra\/\" target=\"_blank\" style=\"outline: none;\" rel=\"noopener\">Cleopatra Bay<\/a>, and Yassi Tepe. After your tandem flight with a professional pilot by your side, you <strong>will land on the Cleopatra Beach<\/strong><strong>part <\/strong>of the beach.<\/p>\n<h3>Nearby Attractions<\/h3>\n<p>Since Damlata\u015f Beach is located right in front of Damlata\u015f Cave, visiting the <strong>cool stalactite cave<\/strong> is highly recommended. You can find more information about this stalactite cave in our guide to <a href=\"https:\/\/antalyatouristinformation.com\/d\/things-to-do\/cave\/damlatas\/\" style=\"outline: none;\">Damlata\u015f Cave<\/a>.<\/p>\n<p>Other popular attractions within walking distance include the aforementioned Cleopatra Beach, Alanya Castle west of the beach, and the <a href=\"https:\/\/antalyatouristinformation.com\/d\/things-to-do\/museum\/alanya-archaeology\/\" style=\"outline: none;\">Alanya Archaeology Museum<\/a>.<\/p>\n<p>The area is also a good place to explore the <a href=\"https:\/\/antalyatouristinformation.com\/d\/nightlife\/\" style=\"outline: none;\">nightlife scene <\/a>in the city. Alanya&#8217;s nightlife district close is to <a href=\"https:\/\/antalyatouristinformation.com\/d\/things-to-do\/history\/kizil-kule\/\" style=\"outline: none;\">Kizil Kule<\/a> and the harbor is within walking distance.<\/p>\n<h3>Alanya Cable Car<\/h3>\n<p>The Alanya Cable Car that goes to Alanya Castle is located on Damlata\u015f Beach. The impressive ride to the Ehmedek area of Alanya Castle has become a very popular tourist attraction.<\/p>\n<p>The cable car starts in the valley station on Damlata\u015f Beach and takes you up to the medieval castle, which is located on a hill 250 meters above sea level.<\/p>\n<p>During the cable car ride you can enjoy spectacular panoramic views of the beautiful landscape of Alanya. You can marvel at Damlata\u015f and Cleopatra beaches, the sparkling Mediterranean Sea, and the amazing mountain range. The journey takes about 5 minutes.<\/p>\n<p>The Alanya Cable Car opened in 2017 and has a total line length of 900 meters. It consists of 16 panoramic cabins, each of which can accommodate 6 people. It operates daily from 09.30 am to 11.00 pm.<\/p>\n<p>Read more about the 13th century Seljuk fortress in our guide: &nbsp;<a href=\"https:\/\/antalyatouristinformation.com\/d\/things-to-do\/history\/alanya-castle\/\" style=\"outline: none;\">Visit Alanya Castle: Tickets &amp; Information<\/a>.<\/p>\n<p><span><img decoding=\"async\" alt=\"Damlata\u015f Beach in Antalya in Turkey\" data-id=\"5588\" width=\"702\" data-init-width=\"1000\" height=\"468\" data-init-height=\"667\" title=\"Damlata\u015f Beach in Antalya in Turkey\" src=\"https:\/\/antalyatouristinformation.com\/d\/wp-content\/uploads\/sites\/9\/2021\/05\/Damlatas-Beach-in-Antalya-in-Turkey.jpg\" data-width=\"702\" data-height=\"468\" loading=\"lazy\" data-pin-media=\"https:\/\/antalyatouristinformation.com\/d\/wp-content\/uploads\/sites\/9\/2021\/06\/prag_50_sehenswuerdigkeiten_pinterest-13.jpg\" data-pin-description=\"Guide to Damlata\u015f Beach in Alanya | Antalya Tourist Information\" data-pin-url=\"https:\/\/antalyatouristinformation.com\/d\/things-to-do\/beach\/damlatas\/?tve=true&amp;tcbf=affd232f39\" data-pinpro-key=\"9kb4i1elq\"><\/span><\/p>\n<h2 id=\"t-1619538857259\" data-alt-text=\"Entrance, Tickets, and Tours\">Entrance, Tickets, and Tours<\/h2>\n<ul>\n<li><span style=\"\"><strong>Entrance:<\/strong> Damlata\u015f Beach is a public beach, there are no entrance fees. Sunbeds and umbrellas are available for a fee.<\/span><\/li>\n<\/ul>\n<ul>\n<li><span style=\"\"><strong><b>Tandem Paragliding<\/b>:<\/strong> Damlata\u015f Beach is a popular place for a thrilling tandem paragliding experience. Deals are available in our <a href=\"https:\/\/antalyatouristinformation.com\/d\/produkt\/alanya-tandem-paraglinding\/\" style=\"outline: none;\">official ticket shop<\/a>.<\/span><\/li>\n<\/ul>\n<ul>\n<li><span style=\"\"><strong><strong>Boat Tours :<\/strong> <\/strong>You can find many boat tour options online. We recommend to book in advance and be prepared for amazing trips. Here are <strong><strong>options for boat tours in Alanya.<\/strong><\/strong><\/span><\/li>\n<\/ul>\n<ul>\n<li><span style=\"\"><strong>Alanya Cable Car Tickets: <\/strong>Tickets for the Alanya Cable Car are available on site as well as online in <strong>our ticket shop<\/strong>.<\/span><\/li>\n<\/ul>\n<ul>\n<li><span style=\"\"><strong>Tip:<\/strong> To book amusement parks, museums, and tour tickets in advance of your trip to the Antalya region, don&#8217;t hesitate to check out the deals in our official shop.<\/span><\/li>\n<\/ul>\n<p><span><img decoding=\"async\" alt=\"Cleopatra Beach in Antalya in Turkey\" data-id=\"5581\" width=\"702\" data-init-width=\"1000\" height=\"468\" data-init-height=\"667\" title=\"Cleopatra Beach in Antalya in Turkey\" src=\"https:\/\/antalyatouristinformation.com\/d\/wp-content\/uploads\/sites\/9\/2021\/05\/Cleopatra-Beach-in-Antalya.jpg\" data-width=\"702\" data-height=\"468\" loading=\"lazy\" data-pin-media=\"https:\/\/antalyatouristinformation.com\/d\/wp-content\/uploads\/sites\/9\/2021\/06\/prag_50_sehenswuerdigkeiten_pinterest-13.jpg\" data-pin-description=\"Guide to Damlata\u015f Beach in Alanya | Antalya Tourist Information\" data-pin-url=\"https:\/\/antalyatouristinformation.com\/d\/things-to-do\/beach\/damlatas\/?tve=true&amp;tcbf=affd232f39\" data-pinpro-key=\"7geyo6opt\"><\/span><\/p>\n<h2 id=\"t-1619538857260\" data-alt-text=\"How to Get There\">How to Get to Damlata\u015f Beach?<\/h2>\n<p>Damlata\u015f Beach is located west of Alanya, just off the coast of the stalactite cave with the same name. It borders Cleopatra Beach on the east and Alanya Castle on the west.<\/p>\n<ul>\n<li><strong>Public Transport &amp; Taxi:<\/strong> Due to its central location, only 2 kilometers from the city center, Damlata\u015f Beach can be easily reached by <a href=\"https:\/\/antalyatouristinformation.com\/d\/public-transport\/\" style=\"outline: none;\">public transport<\/a>. Bus lines 1, 40, and 50 stop near the beach. <a href=\"https:\/\/antalyatouristinformation.com\/d\/public-transport-de\/taxi\/\" style=\"outline: none;\">Taxis<\/a> are also a good alternative.<\/li>\n<li><strong>From Antalya Airport :<\/strong> The beach is 120km away from the&nbsp;<a href=\"https:\/\/antalyatouristinformation.com\/d\/plan\/antalya-airport\/\" style=\"outline: none;\">Antalya airport.<\/a> Therefore, you might consider renting a car. Get more information on <a href=\"https:\/\/antalyatouristinformation.com\/d\/plan\/rent-a-car\/\">renting a car<\/a> in Antalya. Alternatively, there are busses that go to Alanya.<\/li>\n<\/ul>\n<p><span><img decoding=\"async\" alt=\"Damlatas Beach in Antalya in Turkey\" data-id=\"5591\" width=\"702\" data-init-width=\"1000\" height=\"468\" data-init-height=\"667\" title=\"Damlatas Beach in Antalya in Turkey\" src=\"https:\/\/antalyatouristinformation.com\/d\/wp-content\/uploads\/sites\/9\/2021\/05\/Damlatas-Beach-in-Antalya-in-Turkey-1.jpg\" data-width=\"702\" data-height=\"468\" loading=\"lazy\" data-pin-media=\"https:\/\/antalyatouristinformation.com\/d\/wp-content\/uploads\/sites\/9\/2021\/06\/prag_50_sehenswuerdigkeiten_pinterest-13.jpg\" data-pin-description=\"Guide to Damlata\u015f Beach in Alanya | Antalya Tourist Information\" data-pin-url=\"https:\/\/antalyatouristinformation.com\/d\/things-to-do\/beach\/damlatas\/?tve=true&amp;tcbf=affd232f39\" data-pinpro-key=\"os5m1gl13\"><\/span><\/p>\n<h2 style=\"\" id=\"t-1619538857261\" data-alt-text=\"FAQ\">FAQ (Frequently Asked Questions)<\/h2>\n<p><span><img decoding=\"async\" alt=\"Hotels around Damlata\u015f Beach in Antalya in Turkey\" data-id=\"5593\" width=\"702\" data-init-width=\"1000\" height=\"468\" data-init-height=\"667\" title=\"Hotels around Damlata\u015f Beach in Antalya in Turkey\" loading=\"lazy\" src=\"https:\/\/antalyatouristinformation.com\/d\/wp-content\/uploads\/sites\/9\/2021\/05\/Hotels-around-Damlatas-Beach-in-Antalya-in-Turkey.jpg\" data-width=\"702\" data-height=\"468\" data-pin-media=\"https:\/\/antalyatouristinformation.com\/d\/wp-content\/uploads\/sites\/9\/2021\/06\/prag_50_sehenswuerdigkeiten_pinterest-13.jpg\" data-pin-description=\"Guide to Damlata\u015f Beach in Alanya | Antalya Tourist Information\" data-pin-url=\"https:\/\/antalyatouristinformation.com\/d\/things-to-do\/beach\/damlatas\/?tve=true&amp;tcbf=affd232f39\" data-pinpro-key=\"99tkicw8r\"><\/span><\/p>\n<h2 id=\"t-1619538857262\" data-alt-text=\"Hotels around Damlata\u015f Beach\">Hotels around Damlata\u015f Beach<\/h2>\n<p>There are hotels located directly on Damlata\u015f Beach. Most of the hotels offer 3 or 4 Star service. Additionally, there are apartments and Airbnbs separated from the beach by Atat\u00fcrk Boulevard or Atat\u00fcrk Park.<\/p>\n<p>Here&#8217;s our selection of the 4 best hotels on Damlata\u015f Beach.<\/p>\n<p><strong>Riviera Hotel &amp; Spa:<\/strong> Situated 200 meters from Damlata\u015f Beach, Riviera Hotel &amp; Spa is one of the most popular hotels in the area. With its great location, swimming pools, restaurants, a children&#8217;s mini club, a fitness center, and a spa and wellness center, it caters to all ages. <u>Address:<\/u> Saray, G\u00fczelyal\u0131 Cd. No:32, 07400 Alanya\/Antalya<\/p>\n<p><strong>Kleopatra Ramira Hotel: <\/strong>This 4-star hotel in the center of Alanya has modern rooms, outdoor pools, a Turkish bath, and a sauna. It takes about 20 minutes to reach the picturesque beach on foot. Hotel guests are provided with a free shuttle bus to Cleopatra Beach, as well as free sunbeds and umbrellas. <u>Address:<\/u> K\u0131zlar P\u0131nar\u0131, T\u00fcmerdem Sk. No:14, 07400 Alanya\/Antalya  <\/p>\n<p><strong>Xperia Saray Beach Otel: <\/strong>Xperia Saray Beach Otel is a luxurious accommodation. It provides its guests a spa, exciting entertainment, and restaurants with Turkish and international cuisine. This upscale hotel is within walking distance to the city center of Alanya and Damlata\u015f Beach. <u>Address:<\/u> <em>Saray, Atat\u00fcrk Blv. No:151, 07400 Alanya\/Antalya<\/em><\/p>\n<p><strong>Sunprime Alanya Beach Hotel: <\/strong>If you&#8217;re looking for an adults-only retreat, then this hotel is the right choice. The 3 star hotel has elegant rooms with sea views, a wellness center, and pools. Sunprime Alanya Beach Hotel is right on Cleopatra Beach. After few minutes, you can reach Damlata\u015f Beach and Damlata\u015f Cave. <u>Address:<\/u> <em>Saray, Atat\u00fcrk Blv. 900.sok D:no:5, 07400 Alanya\/Antalya<\/em><\/p>\n<p><span><img decoding=\"async\" alt=\"Damlata\u015f Beach Cable Car in Antalya in Turkey\" data-id=\"5596\" width=\"702\" data-init-width=\"1000\" height=\"468\" data-init-height=\"667\" title=\"Damlata\u015f Beach Cable Car in Antalya in Turkey\" loading=\"lazy\" src=\"https:\/\/antalyatouristinformation.com\/d\/wp-content\/uploads\/sites\/9\/2021\/05\/Damlatas-Beach-Cable-Car.jpg\" data-width=\"702\" data-height=\"468\" data-pin-media=\"https:\/\/antalyatouristinformation.com\/d\/wp-content\/uploads\/sites\/9\/2021\/06\/prag_50_sehenswuerdigkeiten_pinterest-13.jpg\" data-pin-description=\"Guide to Damlata\u015f Beach in Alanya | Antalya Tourist Information\" data-pin-url=\"https:\/\/antalyatouristinformation.com\/d\/things-to-do\/beach\/damlatas\/?tve=true&amp;tcbf=affd232f39\" data-pinpro-key=\"s1p0jiybe\"><\/span><\/p>\n<h2 id=\"t-1619538857263\">The History of Damlata\u015f Beach<\/h2>\n<p>For some travelers the names of Damlata\u015f Beach and Cleopatra Beach is confusing. The whole beach is called Cleopatra Beach. Damlata\u015f Beach is the eastern part of Cleopatra Beach in Alanya, close to the castle hill.&nbsp;<\/p>\n<p>The name Damlata\u015f Beach was invented, because in the 1950s Damlata\u015f Cave was discovered during construction work close to the beach. &nbsp;The entrance to the cave is also located here. As a reminder, this part of the beach was named Damlata\u015f Beach.&nbsp;<\/p>\n<p>The whole beach in the bay is called Cleopatra Beach. According to a legend, Cleopatra Beach and the coast in Alanya were a wedding gift from Mark Antony to his wife, Cleopatra. The name Cleopatra Beach is said to come from the fact that the Egyptian queen went here to swim.&nbsp;<\/p>\n<p>There is also a Cleopatra Pool.<\/p>\n<p>Today, Damlata\u015f and Cleopatra Beach are some of the <a href=\"https:\/\/antalyatouristinformation.com\/d\/things-to-do\/beach\/\" style=\"outline: none;\">most popular beaches<\/a>&nbsp;in Turkey.<\/p>\n<h2 style=\"\" id=\"t-1619538857264\">Contact<\/h2>\n<ul>\n<li><span style=\"\"><strong>Address:&nbsp;<\/strong>Damlata\u015f Plaj\u0131 Alanya \/ Antalya<\/span><\/li>\n<li><span style=\"\"><strong>Public Transport:&nbsp;<\/strong>Bus lines 1, 40, and 50<\/span><\/li>\n<\/ul>\n<h2 id=\"t-1619538857265\" data-hide=\"true\">Other beautiful beaches around Damlata\u015f Beach<\/h2>\n<p>To visit other beautiful beaches in the Antalya region, read these articles:<\/p>\n<ul>\n<li><a href=\"https:\/\/antalyatouristinformation.com\/d\/things-to-do\/beach\/patara\/\" target=\"_blank\" style=\"outline: none;\" rel=\"noopener\">Guide to Patara Beach in Ka\u015f<\/a><\/li>\n<li><a href=\"https:\/\/antalyatouristinformation.com\/d\/things-to-do\/beach\/kaputas\/\" target=\"_blank\" style=\"outline: none;\" rel=\"noopener\">Guide to Kaputa\u015f Beach in Ka\u015f<\/a><\/li>\n<li><a href=\"https:\/\/antalyatouristinformation.com\/d\/things-to-do\/beach\/cleopatra\/\" target=\"_blank\" style=\"outline: none;\" rel=\"noopener\">Guide to Cleopatra Beach in Alanya<\/a><\/li>\n<li><a href=\"https:\/\/antalyatouristinformation.com\/d\/things-to-do\/beach\/cleopatra\/\" target=\"_blank\" style=\"outline: none;\" rel=\"noopener\">Guide to Konyaalt\u0131 Beach in Antalya<\/a><\/li>\n<li><a href=\"https:\/\/antalyatouristinformation.com\/d\/things-to-do\/beach\/olympos\/\" target=\"_blank\" style=\"outline: none;\" rel=\"noopener\">Guide to Olympos Beach in \u00c7\u0131ral\u0131<\/a><\/li>\n<\/ul>\n","protected":false},"excerpt":{"rendered":"<p>Turkey is chosen by millions of tourists every year for a good reason. Turkey has some of the most beautiful beaches you can find in the Mediterranean. The Antalya region is usually picked as a favorite destination for its beautiful landscapes and sandy beaches. Foreigners even get married on Antalya&#8217;s most amazing beaches. Situated in [&hellip;]<\/p>\n","protected":false},"author":5,"featured_media":5584,"parent":124,"menu_order":0,"comment_status":"open","ping_status":"closed","template":"","meta":{"_acf_changed":false,"footnotes":""},"categories":[],"tags":[39],"class_list":["post-319","page","type-page","status-publish","has-post-thumbnail","hentry","tag-beach","post-wrapper","thrv_wrapper"],"acf":[],"wp-worthy-pixel":{"ignored":false,"public":null,"server":null,"url":null},"wp-worthy-type":"normal","_links":{"self":[{"href":"https:\/\/antalyatouristinformation.com\/d\/wp-json\/wp\/v2\/pages\/319","targetHints":{"allow":["GET"]}}],"collection":[{"href":"https:\/\/antalyatouristinformation.com\/d\/wp-json\/wp\/v2\/pages"}],"about":[{"href":"https:\/\/antalyatouristinformation.com\/d\/wp-json\/wp\/v2\/types\/page"}],"author":[{"embeddable":true,"href":"https:\/\/antalyatouristinformation.com\/d\/wp-json\/wp\/v2\/users\/5"}],"replies":[{"embeddable":true,"href":"https:\/\/antalyatouristinformation.com\/d\/wp-json\/wp\/v2\/comments?post=319"}],"version-history":[{"count":50,"href":"https:\/\/antalyatouristinformation.com\/d\/wp-json\/wp\/v2\/pages\/319\/revisions"}],"predecessor-version":[{"id":10799,"href":"https:\/\/antalyatouristinformation.com\/d\/wp-json\/wp\/v2\/pages\/319\/revisions\/10799"}],"up":[{"embeddable":true,"href":"https:\/\/antalyatouristinformation.com\/d\/wp-json\/wp\/v2\/pages\/124"}],"wp:featuredmedia":[{"embeddable":true,"href":"https:\/\/antalyatouristinformation.com\/d\/wp-json\/wp\/v2\/media\/5584"}],"wp:attachment":[{"href":"https:\/\/antalyatouristinformation.com\/d\/wp-json\/wp\/v2\/media?parent=319"}],"wp:term":[{"taxonomy":"category","embeddable":true,"href":"https:\/\/antalyatouristinformation.com\/d\/wp-json\/wp\/v2\/categories?post=319"},{"taxonomy":"post_tag","embeddable":true,"href":"https:\/\/antalyatouristinformation.com\/d\/wp-json\/wp\/v2\/tags?post=319"}],"curies":[{"name":"wp","href":"https:\/\/api.w.org\/{rel}","templated":true}]}}