{"id":321,"date":"2021-02-15T14:52:39","date_gmt":"2021-02-15T13:52:39","guid":{"rendered":"http:\/\/antalyatouristinformation.com\/d\/?page_id=321"},"modified":"2021-06-20T13:07:47","modified_gmt":"2021-06-20T11:07:47","slug":"konyaalti","status":"publish","type":"page","link":"https:\/\/antalyatouristinformation.com\/d\/things-to-do\/beach\/konyaalti\/","title":{"rendered":"Guide to Konyaalt\u0131 Beach in Antalya: Access, Attractions, and Tips"},"content":{"rendered":"<p>Konyaalt\u0131 Beach, on the Turkish Riviera west of Antalya, is considered to be the most popular <a href=\"https:\/\/antalyatouristinformation.com\/d\/things-to-do\/beach\/\">beach <\/a>in the city and one of the most popular nightlife destinations in the Antalya region. In addition to sea, sand, and sun, Konyaalt\u0131 Beach offers a lot of entertainment with quite a few <a href=\"https:\/\/antalyatouristinformation.com\/d\/things-to-do\/attraction\/\" style=\"outline: none;\">attractions<\/a>.<\/p>\n<p>In this article, you will find all the important information about Konyaalt\u0131 Beach in Antalya, including what to expect during your visit, attractions in the area, helpful information on entrance fees, and how to get there.<\/p>\n<p><span><img decoding=\"async\" alt=\"Konyaalti beach in Antalya\" data-id=\"2174\" width=\"702\" data-init-width=\"1000\" height=\"468\" data-init-height=\"667\" title=\"Konyaalti beach in Antalya\" src=\"\/\/antalyatouristinformation.com\/d\/wp-content\/uploads\/sites\/9\/2021\/04\/Konyaalti-beach-in-Antalya.jpg\" data-width=\"702\" data-height=\"468\" loading=\"lazy\" data-pin-media=\"https:\/\/antalyatouristinformation.com\/d\/wp-content\/uploads\/sites\/9\/2021\/06\/prag_50_sehenswuerdigkeiten_pinterest-19-2.jpg\" data-pin-description=\"Guide to Konyaalt\u0131 Beach in Antalya | Antalya Tourist Information\" data-pin-url=\"https:\/\/antalyatouristinformation.com\/d\/things-to-do\/beach\/konyaalti\/?tve=true&amp;tcbf=1f0c2dc9db\" data-pinpro-key=\"orhrp5gy7\"><\/span><\/p>\n<h2 id=\"t-1619539794935\" data-alt-text=\"What Can I Do?\">What Can I Do at Konyaalt\u0131 Beach in Antalya?<\/h2>\n<p>The extensive Konyaalt\u0131 Beach starts at the cliffs of the old town in Antalya. A coastal road separates the beach from numerous hotels.<strong>&nbsp;Check out our <\/strong><a href=\"https:\/\/antalyatouristinformation.com\/d\/hotel\/\" target=\"_blank\" style=\"outline: none;\" rel=\"noopener\"><strong>hotel selection<\/strong><\/a><strong>.<\/strong><\/p>\n<p>The 13 km long beach is primarily composed of <strong>fine pebbles,<\/strong><strong>but also has some sand<\/strong>. The <strong>water is beautifully clear<\/strong>. Konyaalt\u0131 Beach has &#8220;Blue Flag&#8221; status, which confirms the good water quality.<\/p>\n<p>This beach is especially popular with locals and also with tourists from all over the world.<\/p>\n<p>There is a very large selection of <strong>beach bars, cafes, and restaurants directly on the beach<\/strong>. Umbrellas and sunbeds are available for rent for a fee from the numerous beach clubs around here. This is also where you can find<strong> free toilets, showers, and changing rooms.<\/strong><\/p>\n<p>The most famous beach section with amenities of this kind is <strong>Beach Park<\/strong><em><strong><\/strong><\/em>with a large number of<strong>&nbsp;bars, restaurants, and occasional live music<\/strong>.<\/p>\n<p>In addition, the promenade features fitness equipment, children&#8217;s playgrounds, and a basketball court. Several boutiques offer shopping opportunities.<\/p>\n<p>Entertainment and adrenaline are provided by the numerous water sport activities offered directly on the beach. Diving in shipwrecks is a popular activity.<\/p>\n<p>The <strong>view <\/strong>that you will enjoy here is very enchanting. You can admire the sparkling sea with the <strong>T<\/strong><strong>aurus Mountains and steep cliffs in the background<\/strong>.<\/p>\n<p>Konyaalt\u0131 Beach is not only popular during the day, it is also a<strong>&nbsp;popular <\/strong><a href=\"https:\/\/antalyatouristinformation.com\/d\/nightlife\/\" style=\"outline: none;\"><strong>nightlife<\/strong><\/a><strong> destination<\/strong> in Antalya. With its bars and beach clubs, the eastern end of the beach in particular is considered THE address for party people.<\/p>\n<h2 id=\"t-1619539794936\" data-alt-text=\"Attractions Near the Beach\">Attractions On and Near the Beach<\/h2>\n<p>In addition to the beautiful sea, the beach area has a number of diverse attractions that contribute significantly to the entertainment. These include an amphitheater and the <a href=\"https:\/\/antalyatouristinformation.com\/d\/things-to-do\/attraction\/aktur-park\/\" style=\"outline: none;\"><strong>Aktur Park,<\/strong><\/a> with the second largest Ferris wheel in Europe.<\/p>\n<p>A highlight is <strong>Aqualand Aqua Park with Dolphinland<\/strong> where, among other things, dolphin shows are performed.<\/p>\n<p>The beach is also adjacent to Atat\u00fcrk Park. <span style=\"font-style: normal;\">This park&nbsp;<\/span>has picnic tables and restaurants and is a good place to take a break in the greenery.<\/p>\n<p>The huge <a href=\"https:\/\/antalyatouristinformation.com\/d\/things-to-do\/attraction\/antalya-aquarium\/\" style=\"outline: none;\"><strong>Antalya Aquarium<\/strong><\/a> is also very popular with young and old.<\/p>\n<p>Those who prefer more silence can look for a spot at the western end of the beach. Here it is usually quieter.<\/p>\n<p>A ride on the <a href=\"https:\/\/antalyatouristinformation.com\/d\/things-to-do\/attraction\/tunektepe-teleferik\/\" style=\"outline: none;\"><strong>T\u00fcnektepe Teleferik cable car <\/strong><\/a>on the west end of the beach is highly recommended. It takes you up the hill, where you are rewarded with a magnificent view of the sea and the surrounding mountains.<\/p>\n<p><span><img decoding=\"async\" alt=\"Konyaalti sand beach in Antalya in Turkey\" data-id=\"2176\" width=\"702\" data-init-width=\"1000\" height=\"468\" data-init-height=\"667\" title=\"Konyaalti sand beach in Antalya in Turkey\" src=\"\/\/antalyatouristinformation.com\/d\/wp-content\/uploads\/sites\/9\/2021\/04\/Konyaalti-sand-beach-in-Antalya-in-Turkey.jpg\" data-width=\"702\" data-height=\"468\" loading=\"lazy\" data-pin-media=\"https:\/\/antalyatouristinformation.com\/d\/wp-content\/uploads\/sites\/9\/2021\/06\/prag_50_sehenswuerdigkeiten_pinterest-19-2.jpg\" data-pin-description=\"Guide to Konyaalt\u0131 Beach in Antalya | Antalya Tourist Information\" data-pin-url=\"https:\/\/antalyatouristinformation.com\/d\/things-to-do\/beach\/konyaalti\/?tve=true&amp;tcbf=1f0c2dc9db\" data-pinpro-key=\"bz5l4tbgs\"><\/span><\/p>\n<h2 id=\"t-1619539794937\">Entrance, Tickets, and Tours&nbsp;<\/h2>\n<ul>\n<li><span style=\"\"><strong>Entrance:<\/strong> The entrance to Konyaalt\u0131 Beach is free of charge. There is a charge for umbrellas and sunbeds.<\/span><\/li>\n<\/ul>\n<ul>\n<li><span style=\"\"><strong>Tours:<\/strong> Many tours are organized in and out of Antalya. It&#8217;s a great way to see a large portion of the area without worrying about technicalities. We recommend to check<strong>&nbsp;out tours in Antalya.<\/strong><\/span><\/li>\n<\/ul>\n<ul>\n<li><span style=\"\"><strong>Tip:<\/strong> To book amusement parks, museums, and tour tickets in advance of your trip to the Antalya region, don&#8217;t hesitate to check out the deals in our official shop.<\/span><\/li>\n<\/ul>\n<p><span><img decoding=\"async\" alt=\"Scenic view of famous Konyaalti Beach in Antalya (Editorial) \" data-id=\"2178\" width=\"702\" data-init-width=\"1000\" height=\"468\" data-init-height=\"667\" title=\"Scenic view of famous Konyaalti Beach in Antalya (Editorial) \" src=\"\/\/antalyatouristinformation.com\/d\/wp-content\/uploads\/sites\/9\/2021\/04\/Scenic-view-of-famous-Konyaalti-Beach-in-Antalya.jpg\" data-width=\"702\" data-height=\"468\" loading=\"lazy\" data-pin-media=\"https:\/\/antalyatouristinformation.com\/d\/wp-content\/uploads\/sites\/9\/2021\/06\/prag_50_sehenswuerdigkeiten_pinterest-19-2.jpg\" data-pin-description=\"Guide to Konyaalt\u0131 Beach in Antalya | Antalya Tourist Information\" data-pin-url=\"https:\/\/antalyatouristinformation.com\/d\/things-to-do\/beach\/konyaalti\/?tve=true&amp;tcbf=1f0c2dc9db\" data-pinpro-key=\"wcy9ugddy\"><\/span><\/p>\n<h2 id=\"t-1619539794938\" data-alt-text=\"How to Get There\">How to Get to Konyaalt\u0131 Beach<\/h2>\n<p>Konyaalt\u0131 Beach is located in the Konyaalt\u0131 district west of Antalya. It&#8217;s about 30 minutes from the old town of Kaleici.<\/p>\n<ul>\n<li><strong>By Public Transport:&nbsp;<\/strong>The easiest way to reach the beach is by taking the tram from the old town to the terminal stop at the <a href=\"https:\/\/antalyatouristinformation.com\/d\/things-to-do\/museum\/antalya-archeological\/\" style=\"outline: none;\">Antalya Archaeological Museum<\/a>. From here, you can either walk about 10 minutes or change to the <a href=\"https:\/\/antalyatouristinformation.com\/d\/public-transport-de\/dolmus\/\" style=\"outline: none;\">dolmu\u015f<\/a>.<\/li>\n<li><strong>AntalyaKart:&nbsp;<\/strong>If you want to travel by <a href=\"https:\/\/antalyatouristinformation.com\/d\/public-transport\/\" style=\"outline: none;\">public transport<\/a>, it is worth getting an AntalyaKart. You can learn more about the card in our guide to the&nbsp;<a href=\"https:\/\/antalyatouristinformation.com\/d\/public-transport\/antalyakart\/\" style=\"outline: none;\">AntalyaKart<\/a>.<\/li>\n<li><strong>By Car:<\/strong> There is also free parking on site, so getting there by <a href=\"https:\/\/antalyatouristinformation.com\/d\/plan\/rent-a-car\/\">rental car<\/a> is also a good option.<\/li>\n<\/ul>\n<p><span><img decoding=\"async\" alt=\"Konyalalti Beach in Antalya in Turkey\" data-id=\"2180\" width=\"702\" data-init-width=\"1000\" height=\"468\" data-init-height=\"667\" title=\"Konyalalti Beach in Antalya in Turkey\" src=\"\/\/antalyatouristinformation.com\/d\/wp-content\/uploads\/sites\/9\/2021\/04\/Konyalalti-Beach.jpg\" data-width=\"702\" data-height=\"468\" loading=\"lazy\" data-pin-media=\"https:\/\/antalyatouristinformation.com\/d\/wp-content\/uploads\/sites\/9\/2021\/06\/prag_50_sehenswuerdigkeiten_pinterest-19-2.jpg\" data-pin-description=\"Guide to Konyaalt\u0131 Beach in Antalya | Antalya Tourist Information\" data-pin-url=\"https:\/\/antalyatouristinformation.com\/d\/things-to-do\/beach\/konyaalti\/?tve=true&amp;tcbf=1f0c2dc9db\" data-pinpro-key=\"sde93kwsd\"><\/span><\/p>\n<h2 style=\"\" id=\"t-1619539794939\" data-alt-text=\"FAQ\">FAQ (Frequently Asked Questions)<\/h2>\n<h2 style=\"\" id=\"t-1619539794940\" data-alt-text=\"Contact\">Contact<\/h2>\n<ul>\n<li><span style=\"\"><strong>Address:&nbsp;<\/strong>Konyaalt\u0131 Beach, Ku\u015fkava\u011f\u0131, Konyaalt\u0131\/Antalya<\/span><\/li>\n<li><span style=\"\"><strong>Public Transport:&nbsp;<\/strong>Tram to the terminal stop<\/span><\/li>\n<\/ul>\n<h2 id=\"t-1619539794941\" data-hide=\"true\">Other Beautiful Beaches Around Konyaalt\u0131 Beach<\/h2>\n<p>To visit other beautiful beaches in the Antalya region, read these articles:<\/p>\n<ul>\n<li><a href=\"https:\/\/antalyatouristinformation.com\/d\/things-to-do\/beach\/patara\/\" target=\"_blank\" style=\"outline: none;\" rel=\"noopener\">Guide to Patara Beach in Ka\u015f<\/a><\/li>\n<li><a href=\"https:\/\/antalyatouristinformation.com\/d\/things-to-do\/beach\/kaputas\/\" target=\"_blank\" style=\"outline: none;\" rel=\"noopener\">Guide to Kaputa\u015f Beach in Ka\u015f<\/a><\/li>\n<li><a href=\"https:\/\/antalyatouristinformation.com\/d\/things-to-do\/beach\/cleopatra\/\" target=\"_blank\" style=\"outline: none;\" rel=\"noopener\">Guide to Cleopatra Beach in Alanya<\/a><\/li>\n<li><a href=\"https:\/\/antalyatouristinformation.com\/d\/things-to-do\/beach\/olympos\/\" target=\"_blank\" style=\"outline: none;\" rel=\"noopener\">Guide to Olympos Beach in \u00c7\u0131ral\u0131<\/a><\/li>\n<li><a href=\"https:\/\/antalyatouristinformation.com\/d\/things-to-do\/beach\/damlatas\/\" target=\"_blank\" style=\"outline: none;\" rel=\"noopener\">Guide to Damlata\u015f Beach in Alanya<\/a><\/li>\n<\/ul>\n","protected":false},"excerpt":{"rendered":"<p>Konyaalt\u0131 Beach, on the Turkish Riviera west of Antalya, is considered to be the most popular beach in the city and one of the most popular nightlife destinations in the Antalya region. In addition to sea, sand, and sun, Konyaalt\u0131 Beach offers a lot of entertainment with quite a few attractions. In this article, you [&hellip;]<\/p>\n","protected":false},"author":5,"featured_media":2172,"parent":124,"menu_order":0,"comment_status":"open","ping_status":"closed","template":"","meta":{"_acf_changed":false,"footnotes":""},"categories":[],"tags":[39],"class_list":["post-321","page","type-page","status-publish","has-post-thumbnail","hentry","tag-beach","post-wrapper","thrv_wrapper"],"acf":[],"wp-worthy-pixel":{"ignored":false,"public":null,"server":null,"url":null},"wp-worthy-type":"normal","_links":{"self":[{"href":"https:\/\/antalyatouristinformation.com\/d\/wp-json\/wp\/v2\/pages\/321","targetHints":{"allow":["GET"]}}],"collection":[{"href":"https:\/\/antalyatouristinformation.com\/d\/wp-json\/wp\/v2\/pages"}],"about":[{"href":"https:\/\/antalyatouristinformation.com\/d\/wp-json\/wp\/v2\/types\/page"}],"author":[{"embeddable":true,"href":"https:\/\/antalyatouristinformation.com\/d\/wp-json\/wp\/v2\/users\/5"}],"replies":[{"embeddable":true,"href":"https:\/\/antalyatouristinformation.com\/d\/wp-json\/wp\/v2\/comments?post=321"}],"version-history":[{"count":32,"href":"https:\/\/antalyatouristinformation.com\/d\/wp-json\/wp\/v2\/pages\/321\/revisions"}],"predecessor-version":[{"id":10807,"href":"https:\/\/antalyatouristinformation.com\/d\/wp-json\/wp\/v2\/pages\/321\/revisions\/10807"}],"up":[{"embeddable":true,"href":"https:\/\/antalyatouristinformation.com\/d\/wp-json\/wp\/v2\/pages\/124"}],"wp:featuredmedia":[{"embeddable":true,"href":"https:\/\/antalyatouristinformation.com\/d\/wp-json\/wp\/v2\/media\/2172"}],"wp:attachment":[{"href":"https:\/\/antalyatouristinformation.com\/d\/wp-json\/wp\/v2\/media?parent=321"}],"wp:term":[{"taxonomy":"category","embeddable":true,"href":"https:\/\/antalyatouristinformation.com\/d\/wp-json\/wp\/v2\/categories?post=321"},{"taxonomy":"post_tag","embeddable":true,"href":"https:\/\/antalyatouristinformation.com\/d\/wp-json\/wp\/v2\/tags?post=321"}],"curies":[{"name":"wp","href":"https:\/\/api.w.org\/{rel}","templated":true}]}}