{"id":331,"date":"2021-02-15T14:58:32","date_gmt":"2021-02-15T13:58:32","guid":{"rendered":"http:\/\/antalyatouristinformation.com\/d\/?page_id=331"},"modified":"2021-06-20T22:35:29","modified_gmt":"2021-06-20T20:35:29","slug":"kizil-kule","status":"publish","type":"page","link":"https:\/\/antalyatouristinformation.com\/d\/things-to-do\/history\/kizil-kule\/","title":{"rendered":"Visit Historical K\u0131z\u0131l Kule (Red Tower) in Alanya"},"content":{"rendered":"<p>This Red Tower is the <strong>iconic symbol of Alanya,&nbsp;<\/strong>located in the historical city center. It was built to hinder attacks that might come from the sea. You may want to visit to see the amazing view of Antalya from the harbor.<\/p>\n<p>In this article, you will find all the information you need to visit the Red Tower of Antalya including, what to see, how to get there, tips on tours, and tickets. Let&#8217;s go!<\/p>\n<p><span><img decoding=\"async\" alt=\"red tower in alanya in Antalya in Turkey\" data-id=\"1300\" width=\"702\" data-init-width=\"1000\" height=\"471\" data-init-height=\"670\" title=\"red tower in alanya in Antalya in Turkey\" loading=\"lazy\" src=\"https:\/\/antalyatouristinformation.com\/d\/wp-content\/uploads\/sites\/9\/2021\/03\/red-tower-alanya-in-turkey.jpg\" data-width=\"702\" data-height=\"471\" style=\"\" data-pinpro-key=\"nuhw7u35t\"><\/span><\/p>\n<h2 id=\"t-1619702732561\" data-alt-text=\"What Can I Do at K\u0131z\u0131l Kule?\">What Can I Do at K\u0131z\u0131l Kule (Red Tower)?<\/h2>\n<p>The Red Tower, which was built in 1226 to protect the city of Alaiyye and the castle, is located right next to the <a href=\"https:\/\/antalyatouristinformation.com\/d\/things-to-do\/history\/shipyard\/\" style=\"outline: none;\">Turkish shipyard<\/a>. The Seljuk Sultan Alaaddin Keykubat started the construction of Alaiyye Castle with this tower. The coast wall of the castle starts from the shipyard and ends at the Red Tower.<\/p>\n<p>The Sultan brought renowned architect, Ebu Ali Reha, from Aleppo, Syria to Alanya to complete the tower.<\/p>\n<h3>Features of K\u0131z\u0131l Kule (Red Tower):<\/h3>\n<p>K\u0131z\u0131l Kule was built <strong>on<\/strong><strong>bedrock on sloping land, overlooking the harbor<\/strong>. It&#8217;s called &#8220;Red Tower&#8221; due to the stones and red bricks used in the structure.<\/p>\n<p>The building is 33 meters high and 12.5 meters wide. The tower has an <strong>octagonal plan<\/strong> and contrary to its plain appearance, it has a very complex layout inside. The plan of each floor of the five-story building is different. You can look around through the <strong>loopholes<\/strong> as you go to the higher floors. <strong>Various exhibitions and events<\/strong> are organized in different floors in K\u0131z\u0131l Kule during certain periods.<\/p>\n<p>The ground floor of the tower is used as a part of the <a href=\"https:\/\/antalyatouristinformation.com\/d\/things-to-do\/museum\/alanya-archaeology\/\" style=\"outline: none;\"><strong>Alanya Museum<\/strong><\/a> about ethnographic artifacts. Ottoman period clothes, handicraft samples, and benches where these were produced are exhibited in this museum.<\/p>\n<p><strong>A cistern<\/strong> can be seen in the middle of the tower. It is said that the tower was used as a cistern in the Ottoman Period.<\/p>\n<p>When you look around from the top floor of the tower, you will see <strong>a view that encompasses the walls, towers, and harbor<\/strong> that surround the peninsula.<\/p>\n<h2 id=\"t-1619702732562\">Entrance, Tickets, and Tours<\/h2>\n<ul>\n<li><span style=\"\"><strong>Entrance:&nbsp;<\/strong>Red Tower is open to visitors daily, from 9 am to 7 pm during the summer (April to October) and from 8 am to 5 pm during the winter.<\/span><\/li>\n<li style=\"\"><span style=\"\"><strong>Tickets:<\/strong> The ticket costs 12 TL per person for the Red Tower only. However, you can buy a combined ticket to see both the shipyard and Red Tower for 17 TL. &nbsp;<\/span><\/li>\n<li><span><strong>The Museum Card:<\/strong> If you have a Museum Card, you can visit the tower free of charge.<strong>Get your Museum Card here.<\/strong><\/span><\/li>\n<\/ul>\n<ul>\n<li><span style=\"\"><strong>Tip:<\/strong> To book amusement parks, museums, and tour tickets in advance of your trip to the Antalya region, don&#8217;t hesitate to check out the deals in our official shop.<\/span><\/li>\n<\/ul>\n<p><span><img decoding=\"async\" alt=\"K\u0131z\u0131l Kule in Antalya in Turkey\" data-id=\"5733\" width=\"702\" data-init-width=\"1000\" height=\"468\" data-init-height=\"667\" title=\"K\u0131z\u0131l Kule in Antalya in Turkey\" loading=\"lazy\" src=\"https:\/\/antalyatouristinformation.com\/d\/wp-content\/uploads\/sites\/9\/2021\/05\/How-to-get-to-Kizil-Kule-in-antalya-in-turkey.jpg\" data-width=\"702\" data-height=\"468\" data-pinpro-key=\"qxbe6m5oz\"><\/span><\/p>\n<h2 id=\"t-1619702732563\">How to Get to K\u0131z\u0131l Kule<\/h2>\n<p data-alt-text=\"How to get to K\u0131z\u0131l Kule?\">K\u0131z\u0131l Kule is very accessible from every part of Alanya. The easiest way to reach it by using the bus.<\/p>\n<ul>\n<li><b>Bus :<\/b> You can reach K\u0131z\u0131l Kule (Red Tower) with bus numbers 1, 40, and 50. More information about <a href=\"https:\/\/antalyatouristinformation.com\/d\/public-transport\/\">Public Transport in Antalya<\/a> here:<\/li>\n<\/ul>\n<h2 style=\"\" id=\"t-1619702732564\" data-alt-text=\"Frequently Asked Questions\">FAQ (Frequently Asked Questions)<\/h2>\n<p><span><img decoding=\"async\" alt=\"K\u0131z\u0131l Kule- Red Tower in Antalya in Turkey\" data-id=\"5730\" width=\"702\" data-init-width=\"1000\" height=\"468\" data-init-height=\"667\" title=\"K\u0131z\u0131l Kule- Red Tower in Antalya in Turkey\" loading=\"lazy\" src=\"https:\/\/antalyatouristinformation.com\/d\/wp-content\/uploads\/sites\/9\/2021\/05\/History-of-the-Kizil-Kule-in-Antalya-in-Turkey.jpg\" data-width=\"702\" data-height=\"468\" style=\"\" data-pinpro-key=\"cv2ejdufl\"><\/span><\/p>\n<h2 id=\"t-1619702732565\">The History of K\u0131z\u0131l Kule<\/h2>\n<p>K\u0131z\u0131l Kule was built by the order of Seljuk Sultan, Alaeddin Keykubad, in 1226. As the Seljuk ruler loved Alanya very much, he spent the winter months in here. Thus, the city became the winter quarter of the capital. He also invited many masters and scholars to Alanya and built beautiful castles, palaces, and mansions in and around Alanya.<\/p>\n<p>Red Tower has attracted attention of the travelers throughout history and has a place in many books. Evliya \u00c7elebi, a 17th century traveler, states that Alanya Castle has a solid eight-cornered tower on the sea side, this tower held 2,000 men during a siege, and the second castle guard sitting here had 40 soldiers.<\/p>\n<p>K\u0131z\u0131l Kule was restored between 1951 and 1953. It was opened as a museum in 1979.<\/p>\n<p>Learn more about monuments in Antalya on our page dedicated to <a href=\"https:\/\/antalyatouristinformation.com\/d\/things-to-do\/history\/\" style=\"outline: none;\">ruins in Antalya<\/a>.<\/p>\n<h2 style=\"\" id=\"t-1619702732566\">Contact<\/h2>\n<ul>\n<li><span style=\"\"><strong>Address:&nbsp;<\/strong>\u0130skele Mevkii, Tersane Sk, \u00c7ar\u015f\u0131, Alanya<\/span><\/li>\n<li><span style=\"\"><strong>Opening Hours:&nbsp;<\/strong>Everyday from 9 am to 7 pm in summer and from 8 am to 5 pm in winter.<\/span><\/li>\n<li><span style=\"\"><strong>Public Transport:&nbsp;<\/strong>You can reach K\u0131z\u0131l Kule ( Red Tower) by the bus number 1, 40 and 50.<\/span><\/li>\n<\/ul>\n","protected":false},"excerpt":{"rendered":"<p>This Red Tower is the iconic symbol of Alanya,&nbsp;located in the historical city center. It was built to hinder attacks that might come from the sea. You may want to visit to see the amazing view of Antalya from the harbor. In this article, you will find all the information you need to visit the [&hellip;]<\/p>\n","protected":false},"author":4,"featured_media":5726,"parent":119,"menu_order":0,"comment_status":"open","ping_status":"closed","template":"","meta":{"_acf_changed":false,"footnotes":""},"categories":[],"tags":[42,47,48],"class_list":["post-331","page","type-page","status-publish","has-post-thumbnail","hentry","tag-history","tag-medieval","tag-seljuk","post-wrapper","thrv_wrapper"],"acf":[],"wp-worthy-pixel":{"ignored":false,"public":null,"server":null,"url":null},"wp-worthy-type":"normal","_links":{"self":[{"href":"https:\/\/antalyatouristinformation.com\/d\/wp-json\/wp\/v2\/pages\/331","targetHints":{"allow":["GET"]}}],"collection":[{"href":"https:\/\/antalyatouristinformation.com\/d\/wp-json\/wp\/v2\/pages"}],"about":[{"href":"https:\/\/antalyatouristinformation.com\/d\/wp-json\/wp\/v2\/types\/page"}],"author":[{"embeddable":true,"href":"https:\/\/antalyatouristinformation.com\/d\/wp-json\/wp\/v2\/users\/4"}],"replies":[{"embeddable":true,"href":"https:\/\/antalyatouristinformation.com\/d\/wp-json\/wp\/v2\/comments?post=331"}],"version-history":[{"count":53,"href":"https:\/\/antalyatouristinformation.com\/d\/wp-json\/wp\/v2\/pages\/331\/revisions"}],"predecessor-version":[{"id":10948,"href":"https:\/\/antalyatouristinformation.com\/d\/wp-json\/wp\/v2\/pages\/331\/revisions\/10948"}],"up":[{"embeddable":true,"href":"https:\/\/antalyatouristinformation.com\/d\/wp-json\/wp\/v2\/pages\/119"}],"wp:featuredmedia":[{"embeddable":true,"href":"https:\/\/antalyatouristinformation.com\/d\/wp-json\/wp\/v2\/media\/5726"}],"wp:attachment":[{"href":"https:\/\/antalyatouristinformation.com\/d\/wp-json\/wp\/v2\/media?parent=331"}],"wp:term":[{"taxonomy":"category","embeddable":true,"href":"https:\/\/antalyatouristinformation.com\/d\/wp-json\/wp\/v2\/categories?post=331"},{"taxonomy":"post_tag","embeddable":true,"href":"https:\/\/antalyatouristinformation.com\/d\/wp-json\/wp\/v2\/tags?post=331"}],"curies":[{"name":"wp","href":"https:\/\/api.w.org\/{rel}","templated":true}]}}