{"id":8864,"date":"2021-05-23T14:08:31","date_gmt":"2021-05-23T12:08:31","guid":{"rendered":"https:\/\/antalyatouristinformation.com\/d\/plan\/clone-of-the-complete-guide-of-alanya-gazipasa-airport\/"},"modified":"2021-06-18T11:38:21","modified_gmt":"2021-06-18T09:38:21","slug":"dalaman-airport","status":"publish","type":"page","link":"https:\/\/antalyatouristinformation.com\/d\/plan\/dalaman-airport\/","title":{"rendered":"Guide to the Dalaman Airport [DLM]: Flights, Transfers, and Access"},"content":{"rendered":"<p>Dalaman (DLM) is the seventh largest airport in Turkey in terms of passenger volume. It&#8217;s located about 260 kilometers west of Antalya in the neighboring Mu\u011fla Province.<\/p>\n<p>You might use this airport if you are traveling directly to Patara, Kalkan, or Ka\u015f. Due to its location, this airport is a suitable option if you are visiting the western part of Antalya.<\/p>\n<p>At the same time, the Dalaman Airport is the main arrival point for travelers to Fethiye, \u00d6l\u00fcdeniz, and Dalyan in the neighboring province of Mu\u011fla.<\/p>\n<p>Here we have collected all the important information you need to know about the Dalaman Airport to travel safely and smoothly.<\/p>\n<h2 id=\"t-1619202778926\">1. Arrival and Departure&nbsp;<\/h2>\n<p>To consult the arrivals and departures to\/from Dalaman airport, the easiest way is still to check the latest information on the official website. There you can find the list of flights expected to land or depart, the exact time of arrival or departure, flight numbers and the current status and\/or delays.<\/p>\n<ul>\n<li style=\"\"><span style=\"\"><b>For Arrivals:<\/b> The current arrival times can be found here<a href=\"http:\/\/yda.aero\/flights\/#domestic-arrival\" spellcheck=\"false\" target=\"_blank\" rel=\"noopener\">: http:\/\/yda.aero\/flights\/#domestic-arrival<\/a>&nbsp;and&nbsp;<a href=\"http:\/\/yda.aero\/flights\/#international-arrival\" spellcheck=\"false\" target=\"_blank\" rel=\"noopener\">http:\/\/yda.aero\/flights\/#international-arrival<\/a><\/span><\/li>\n<li style=\"\"><span style=\"\"><strong><b>For Departures:<\/b> <\/strong>The current departure times can be found here: <a href=\"http:\/\/www.yda.aero\/flights\/#domestic-departure\" spellcheck=\"false\" target=\"_blank\" rel=\"noopener\">http:\/\/www.yda.aero\/flights\/#domestic-departure<\/a>&nbsp;and&nbsp;<a href=\"http:\/\/www.yda.aero\/flights\/#international-departure\" target=\"_blank\" rel=\"noopener\">http:\/\/www.yda.aero\/flights\/#international-departure<\/a><\/span><\/li>\n<\/ul>\n<h2 id=\"t-1619202778927\">2. Flights to Dalaman<\/h2>\n<p>Dalaman Airport serves both domestic and international destinations. Seasonally, the airport is served by international charter airlines.<\/p>\n<ul>\n<li><span style=\"\"><strong>International:<\/strong> There are international flight connections to a total of 23 different countries and 68 different destinations, including to the cities of Cologne, Nuremberg, Berlin, and Frankfurt\/Main in Germany and to Vienna in Austria. In addition, there are flights to Amsterdam, Rotterdam, and Eindhoven in the Netherlands. There are also connections to Spain, England, and Ukraine. The international flight connections at the Dalaman Airport are currently only offered seasonally.<\/span><\/li>\n<li><span><strong>National:<\/strong>&nbsp;Domestic connections are flown by Turkish Airlines, Pegasus Airlines, and Anadolu Jet. There are year-round connections to Antalya, Izmir, Istanbul, and Ankara. The most important route is the connection to Istanbul, followed by Ankara.<\/span><\/li>\n<\/ul>\n<h2 id=\"t-1619202778928\" data-alt-text=\"3. Terminals\">3. Terminals at the Dalaman Airport<\/h2>\n<p>There are two terminals at the Dalaman Airport. Both terminal buildings have four floors and 13 gates each. International flights are handled from the new Terminal 1 and Terminal 2 is reserved for domestic flights.A total of 35 aircraft can be parked at the Dalaman Airport at the same time.<\/p>\n<ul>\n<li><span style=\"\"><strong>Tip:<\/strong> Check out information about the&nbsp;<a href=\"https:\/\/antalyatouristinformation.com\/d\/plan\/antalya-airport\/\">Antalya Airport <\/a>and the&nbsp;<a href=\"https:\/\/antalyatouristinformation.com\/d\/plan\/alanya-gazipasa-airport\/\">Alanya Gazipasa Airport<\/a>.<\/span><\/li>\n<\/ul>\n<h2 id=\"t-1619552385133\" data-alt-text=\"4. Transfers \">4. Transfers To and From the Dalaman Airport<\/h2>\n<p>The fastest way to reach the airport is by car via the highway, but there are of course alternatives.<\/p>\n<ul>\n<li><span style=\"\"><strong>Car:<\/strong> The Dalaman Airport is located 95 kilometers west of Ka\u015f and 6 kilometers from the center of Dalaman. It&#8217;s easily accessible via the four-lane D 555 highway. To Ka\u015f, the drive takes about 100-120 minutes depending on traffic. Guests who want to go to Marmaris or Fethiye continue on the D400 coastal road for about 7 kilometers. More about <a href=\"https:\/\/antalyatouristinformation.com\/d\/plan\/rent-a-car\/\">renting a car in Antalya<\/a>.<\/span><\/li>\n<li><span><strong>Public Bus:<\/strong> Public transportation is not very well developed, there are no public buses going to the Dalaman airport.<\/span><\/li>\n<li><span><strong><b>Hava\u015f<\/b>:<\/strong> Both Hava\u015f and Mutta\u015f offer a private shuttle service from the airport to Dalaman. There is also a shuttle service to Marmaris and Fethiye. The departure times of the buses are coordinated with the arrival times of domestic flights, the trip takes 60 &#8211; 90 minutes depending on traffic.<\/span><\/li>\n<li><span><strong>Taxi:<\/strong> A taxi stop is located in front of the airport terminal. Currently, the basic charge for taxi is 5.50 Turkish Lira and the price per kilometer is 4.00 Turkish Lira. There is no night rate, the same price applies 24 hours a day. Be sure to turn on the taxi meter. More information about taxis can be found here. A trip from the airport to Ka\u015f costs about 90-100 euros and takes nearly 2 hours, depending on traffic. More about <a href=\"https:\/\/antalyatouristinformation.com\/d\/public-transport\/taxi\/\">taxis in Antalya.<\/a><\/span><\/li>\n<li><span>Be sure to turn on the taxi meter. More information about taxis can be found here. A trip from the airport to Ka\u015f costs about 90-100 euros and takes nearly 2 hours, depending on traffic. More about <a href=\"https:\/\/antalyatouristinformation.com\/d\/public-transport\/taxi\/\">taxis in Antalya.<\/a><\/span><\/li>\n<li><span><strong>Private Transfer:<\/strong> Several companies offer limousine airport transfers, where the chauffeur meets you at the gate. Learn more about <a href=\"https:\/\/antalyatouristinformation.com\/d\/public-transport\/\" spellcheck=\"false\">transport in Antalya<\/a>&nbsp;and&nbsp;<a href=\"https:\/\/antalyatouristinformation.com\/d\/mice\/executive-transfer\/\" spellcheck=\"false\">transfer services for groups in Antalya<\/a>.&nbsp;<\/span><\/li>\n<\/ul>\n<h2 id=\"t-1619202778930\" data-alt-text=\"5. Car Rentals\">5. Car Rentals at the Dalaman Airport<\/h2>\n<p>Rental car providers can be found in the airport terminals. Metro Car Rental, Sixt, Hertz, Avis, Budget, and Europcar can be found here. It&#8217;s recommended to book your car online in advance, especially during the high season.<\/p>\n<h2 id=\"t-1619202778931\">6. Restaurants, Shopping, and Duty-Free<\/h2>\n<p>In the terminal for domestic flights there is a caf\u00e9 and a restaurant selling snacks and small food items, as well as a supermarket.<\/p>\n<p><span style=\"font-size: 18px; color: var(--tcb-skin-color-4);\">In the international departure area, there are several restaurants and cafes, including Burger King, Subway, Sbarro, KFC, and a small supermarket. Duty-free shopping is also possible here. <\/span><span style=\"font-size: 18px; color: var(--tcb-skin-color-4);\"><\/span><span style=\"font-size: 18px; color: var(--tcb-skin-color-4);\">Duty-free stores are well-stocked and offer a rich selection of chocolate, perfume, alcoholic beverages, and cosmetics, as well as souvenirs, Turkish sweets, such as lokum and baklava, clothing, watches, and children&#8217;s toys.<\/span><\/p>\n<h2 id=\"t-1619202778932\" data-alt-text=\"7. Parking \">7. Parking at the Dalaman Airport<\/h2>\n<p id=\"t-1622019531538\" style=\"\"><span style=\"font-weight: normal;\">There are parking lots at both terminals, the largest is at the Domestic Terminal and has space for 550 vehicles. The prices change depending on the parking time. One hour parking costs about 14 Turkish Lira, up to 3 hours with a normal car 20 Turkish Lira and up to 24 hours 46 Turkish Lira.&nbsp;<\/span><span style=\"font-weight: normal;\">More detailed information about the current prices can be found on the <\/span><a href=\"https:\/\/havalimanlari.net\/mugla-dalaman-havalimani-havaalani-airport-%D0%B0%D1%8D%D1%80%D0%BE%D0%BF%D0%BE%D1%80%D1%82-flughafen\/turkey-mugla-dalaman-airport-parking-dlm-ltbs-dalaman-airport-car-parking-prices-fee-charges-car-parking-dalaman-airport-daily-parking-price-cost-fares-dlm-ltbs-dalaman-airport-car-park-phone.html\" target=\"_blank\" rel=\"noopener\"><span style=\"font-weight: normal;\">airport&#8217;s website.<\/span><\/a><\/p>\n<h2 id=\"t-1619202778933\" data-alt-text=\"8. Hotels\">8. Hotels Near the Dalaman Airport<\/h2>\n<p>Although there is no airport hotel directly at the Dalaman Airport, there are several accommodations within about 3 to 4 kilometers, such as the Dalaman Airport Lykia Resort Hotel &amp; Spa, a modernly furnished 4-star hotel with a sauna and a fitness room, only 4 kilometers from the airport. <\/p>\n<p>In addition, there are numerous accommodation options in all price ranges in the immediate vicinity. Some of the family-run hotels and guesthouses are particularly worth mentioning.<\/p>\n<h2 id=\"t-1619202778934\">9. Internet and SIM-Cards<\/h2>\n<p>Wi-Fi connection is available in the restaurants and cafes in the arrival and departure halls of the terminals, as well as in the VIP lounges.<\/p>\n<h2 id=\"t-1619202778935\" style=\"\" data-alt-text=\"10. Contact\">10. Contact<\/h2>\n<ul>\n<li><span style=\"\"><strong>Address:&nbsp;<\/strong>Ege, 48770 Dalaman\/Mu\u011fla, T\u00fcrkei<\/span><\/li>\n<li><span style=\"\"><strong>Opening Hours:&nbsp;<\/strong>Detailed information on <a href=\"http:\/\/yda.aero\" target=\"_blank\" spellcheck=\"false\" rel=\"noopener\">opening hours<\/a> can be found here<\/span><\/li>\n<li><span style=\"\"><strong>Public Transport:&nbsp;<\/strong>The Hava\u015f bus stop is located in front of the terminal<\/span><\/li>\n<li style=\"\"><span style=\"\"><strong>Website:&nbsp;<\/strong><a href=\"http:\/\/yda.aero\" target=\"_blank\" rel=\"noopener\">http:\/\/yda.aero<\/a>&nbsp;<\/span><\/li>\n<\/ul>\n<h2 style=\"\" id=\"t-1620142340805\" data-alt-text=\"11. Map\">11. Map<\/h2>\n<h2 style=\"text-align: left;\" id=\"t-1619202778936\" data-alt-text=\"Frequently Asked Questions\">FAQ (Frequently Asked Questions)<\/h2>\n<p>Read about other airports in Antalya region:<\/p>\n<ul>\n<li><a href=\"https:\/\/antalyatouristinformation.com\/d\/plan\/antalya-airport\/\">Antalya Airport Informations<\/a>&nbsp;<\/li>\n<li><a href=\"https:\/\/antalyatouristinformation.com\/d\/plan\/alanya-gazipasa-airport\/\">Alanya Airport Informations<\/a><\/li>\n<li>More details about <a href=\"https:\/\/antalyatouristinformation.com\/d\/public-transport\/\" style=\"outline: none;\">Transports in Antalya<\/a><\/li>\n<\/ul>\n","protected":false},"excerpt":{"rendered":"<p>Dalaman (DLM) is the seventh largest airport in Turkey in terms of passenger volume. It&#8217;s located about 260 kilometers west of Antalya in the neighboring Mu\u011fla Province. You might use this airport if you are traveling directly to Patara, Kalkan, or Ka\u015f. Due to its location, this airport is a suitable option if you are [&hellip;]<\/p>\n","protected":false},"author":6,"featured_media":9174,"parent":172,"menu_order":0,"comment_status":"open","ping_status":"closed","template":"","meta":{"_acf_changed":false,"footnotes":""},"categories":[],"tags":[56],"class_list":["post-8864","page","type-page","status-publish","has-post-thumbnail","hentry","tag-airport","post-wrapper","thrv_wrapper"],"acf":[],"wp-worthy-pixel":{"ignored":false,"public":null,"server":null,"url":null},"wp-worthy-type":"normal","_links":{"self":[{"href":"https:\/\/antalyatouristinformation.com\/d\/wp-json\/wp\/v2\/pages\/8864","targetHints":{"allow":["GET"]}}],"collection":[{"href":"https:\/\/antalyatouristinformation.com\/d\/wp-json\/wp\/v2\/pages"}],"about":[{"href":"https:\/\/antalyatouristinformation.com\/d\/wp-json\/wp\/v2\/types\/page"}],"author":[{"embeddable":true,"href":"https:\/\/antalyatouristinformation.com\/d\/wp-json\/wp\/v2\/users\/6"}],"replies":[{"embeddable":true,"href":"https:\/\/antalyatouristinformation.com\/d\/wp-json\/wp\/v2\/comments?post=8864"}],"version-history":[{"count":28,"href":"https:\/\/antalyatouristinformation.com\/d\/wp-json\/wp\/v2\/pages\/8864\/revisions"}],"predecessor-version":[{"id":10693,"href":"https:\/\/antalyatouristinformation.com\/d\/wp-json\/wp\/v2\/pages\/8864\/revisions\/10693"}],"up":[{"embeddable":true,"href":"https:\/\/antalyatouristinformation.com\/d\/wp-json\/wp\/v2\/pages\/172"}],"wp:featuredmedia":[{"embeddable":true,"href":"https:\/\/antalyatouristinformation.com\/d\/wp-json\/wp\/v2\/media\/9174"}],"wp:attachment":[{"href":"https:\/\/antalyatouristinformation.com\/d\/wp-json\/wp\/v2\/media?parent=8864"}],"wp:term":[{"taxonomy":"category","embeddable":true,"href":"https:\/\/antalyatouristinformation.com\/d\/wp-json\/wp\/v2\/categories?post=8864"},{"taxonomy":"post_tag","embeddable":true,"href":"https:\/\/antalyatouristinformation.com\/d\/wp-json\/wp\/v2\/tags?post=8864"}],"curies":[{"name":"wp","href":"https:\/\/api.w.org\/{rel}","templated":true}]}}