{"id":8918,"date":"2021-06-03T11:57:17","date_gmt":"2021-06-03T09:57:17","guid":{"rendered":"https:\/\/antalyatouristinformation.com\/d\/?page_id=8918"},"modified":"2021-06-03T11:57:19","modified_gmt":"2021-06-03T09:57:19","slug":"st-paul-way","status":"publish","type":"page","link":"https:\/\/antalyatouristinformation.com\/d\/things-to-do\/attraction\/st-paul-way\/","title":{"rendered":"St Paul&#8217;s Way"},"content":{"rendered":"<p>Historically, it has been called the &#8220;meeting point of religions&#8221; for Anatolian lands. The influence of St. Paul is great for Anatolia, where very important events took place in the history of Christianity. Following these missionary journeys of St. Paul, the first church communities started to emerge in Anatolia, which was far from Jerusalem and Rome.<\/p>\n<p>St Paul Trail (St. Paul Way) is one of the walking routes known by the professional and amateur hiking lovers. It is the second long distance walking track in Turkey after the Lycian Way.<\/p>\n<p><span><img decoding=\"async\" alt=\"taz\u0131 - eagles- canyon in antalya in turkey\" data-id=\"5667\" width=\"702\" data-init-width=\"1000\" height=\"470\" data-init-height=\"670\" title=\"taz\u0131 - eagles- canyon in antalya in turkey\" loading=\"lazy\" src=\"https:\/\/antalyatouristinformation.com\/d\/wp-content\/uploads\/sites\/9\/2021\/05\/tazi-eagles-canyon-in-antalya-in-turkey.jpg\" data-width=\"702\" data-height=\"470\" style=\"\"><\/span><\/p>\n<ul>\n<li><a rel=\"noreferrer noopener nofollow\" href=\"https:\/\/pinterest.com\/pin\/create\/button\/?url=https:\/\/antalyatouristinformation.com\/d\/?page_id=8918&amp;tve=true&amp;tcbf=e8bc957880&amp;is_video=false&amp;media=https:\/\/antalyatouristinformation.com\/d\/wp-content\/uploads\/sites\/9\/2021\/05\/tazi-eagles-canyon-in-antalya-in-turkey.jpg&amp;description=St%20Paul%E2%80%99s%20Way%20%7C%20Antalya%20Tourist%20Information\" onclick=\"essb.window('https:\/\/pinterest.com\/pin\/create\/button\/?url=https:\/\/antalyatouristinformation.com\/d\/?page_id=8918&amp;tve=true&amp;tcbf=e8bc957880&amp;is_video=false&amp;media=https:\/\/antalyatouristinformation.com\/d\/wp-content\/uploads\/sites\/9\/2021\/05\/tazi-eagles-canyon-in-antalya-in-turkey.jpg&amp;description=St%20Paul%E2%80%99s%20Way%20%7C%20Antalya%20Tourist%20Information','pinpro','kp6sy5kh'); return false;\" target=\"_blank\"><span><\/span><span>Pin<\/span><\/a><\/li>\n<\/ul>\n<h2>What can I do at St. Paul&#8217;s Way?<\/h2>\n<p>St. Paul is among the most important saints in the spread of Christianity, both in Anatolia and Europe with his journeys. Paulus was born in Tarsus, an easternmost district of Mersin city in Turkey. In fact, he was the son of a Jewish family. It is said that he was converted into Christianity (36 &#8211; 37 AD) upon a dream.<\/p>\n<p>In order to spread Christianity, he organized three major trips. St. Paul&#8217;s Way in Anatolia is approximately 410 km long, that was the route of St. Paul when he first came to Anatolia.<\/p>\n<p>St. Paul road was designed by marking in accordance with international standards with the help of Kate Clow and her team and opened in 2004. It has become the second long distance walking track in Turkey after the Lycian Way.<\/p>\n<p>St. Paul&#8217;s way has two branches. One starts from Perge in &nbsp;Antalya , while the other branch starts from Aspendos and then both ways intertwined in the Adada Ancient City near S\u00fct\u00e7\u00fcler town. From here, this road extends over E\u011firdir lake to Yalva\u00e7 town of Isparta. It takes 27 days on average to walk the entire route with road signs, depending on the performance of the person. Of course it is also possible to follow your own track and decide where to start and end on your own pace. St. Paul&#8217;s Way has a rather complex route when compared to Lycian Way. For this reason, trekkers generally draw their own routes and walk the certain path. The highest point of the route, which starts at sea level, is 2800 meters.<\/p>\n<p>You can get to know the magnificent mountain villages of the Taurus Mountains on the way. St. Paul Trail offers suitable forest lands for mountain biking as well.<\/p>\n<p>You can encounter many natural beauties on St. Paul&#8217;s Way and witness the history by passing through ancient cities.<\/p>\n<p>You can see Perge Ancient City, Adam Kayalar, Pednelissos Ancient Site, Selge Ancient Site, D\u00fc\u011fmeli Evler (Button Houses), lavender gardens, Lake Kovada, Lake Egirdir, Zindan cave, Yaz\u0131l\u0131 Kanyon National Park, Taz\u0131 Canyon (Eagles Canyon), Adada Ancient Site, Pisidia Antiocheia, Kur\u015funlu Waterfall&nbsp; and many other on your hiking journey on St. Paul&#8217;s Way.<\/p>\n<p><span><img decoding=\"async\" alt=\"kur\u015funlu Waterfall in Antalya in Turkey\" data-id=\"672\" width=\"702\" data-init-width=\"1000\" height=\"470\" data-init-height=\"670\" title=\"kur\u015funlu Waterfall in Antalya in Turkey\" loading=\"lazy\" src=\"https:\/\/antalyatouristinformation.com\/d\/wp-content\/uploads\/sites\/9\/2021\/02\/kursunlu-wat.-antalya-in-turkey.jpg\" data-width=\"702\" data-height=\"470\" style=\"\"><\/span><\/p>\n<ul>\n<li><a rel=\"noreferrer noopener nofollow\" href=\"https:\/\/pinterest.com\/pin\/create\/button\/?url=https:\/\/antalyatouristinformation.com\/d\/?page_id=8918&amp;tve=true&amp;tcbf=e8bc957880&amp;is_video=false&amp;media=https:\/\/antalyatouristinformation.com\/d\/wp-content\/uploads\/sites\/9\/2021\/02\/kursunlu-wat.-antalya-in-turkey.jpg&amp;description=St%20Paul%E2%80%99s%20Way%20%7C%20Antalya%20Tourist%20Information\" onclick=\"essb.window('https:\/\/pinterest.com\/pin\/create\/button\/?url=https:\/\/antalyatouristinformation.com\/d\/?page_id=8918&amp;tve=true&amp;tcbf=e8bc957880&amp;is_video=false&amp;media=https:\/\/antalyatouristinformation.com\/d\/wp-content\/uploads\/sites\/9\/2021\/02\/kursunlu-wat.-antalya-in-turkey.jpg&amp;description=St%20Paul%E2%80%99s%20Way%20%7C%20Antalya%20Tourist%20Information','pinpro','kp6t2xff'); return false;\" target=\"_blank\"><span><\/span><span>Pin<\/span><\/a><\/li>\n<\/ul>\n<h2>Entrance, Tickets and Tours<\/h2>\n<ul>\n<li><span style=\"\"><strong>Entrance:<\/strong> You can visit the area called St. Paul&#8217;s Way anytime, although we recommend you to choose autumn and spring months for the best weather conditions.<\/span><\/li>\n<li style=\"\"><span style=\"\"><strong>Tickets: <\/strong>There is no need for a ticket to walk on the St. Paul&#8217;s Way. You will only need ticket to some national parks and ancient sites like Aspendos, Perge you might want to visit on your way.<\/span><\/li>\n<li><span style=\"\"><strong>Tours: <\/strong>You can consult the travel operators in Turkey about a tailor made tour to St. Paul&#8217;s Way.<\/span><\/li>\n<\/ul>\n<p><span><img decoding=\"async\" alt=\"Aerial View of Road to Perge Ancient Site in Antalya in Turkey\" data-id=\"473\" width=\"702\" data-init-width=\"1000\" height=\"470\" data-init-height=\"670\" title=\"Aerial View of Road to Perge Ancient Site in Antalya in Turkey\" loading=\"lazy\" src=\"https:\/\/antalyatouristinformation.com\/d\/wp-content\/uploads\/sites\/9\/2021\/02\/road-to-perge-in-antalya-in-turkey.jpg\" data-width=\"702\" data-height=\"470\" style=\"\"><\/span><\/p>\n<ul>\n<li><a rel=\"noreferrer noopener nofollow\" href=\"https:\/\/pinterest.com\/pin\/create\/button\/?url=https:\/\/antalyatouristinformation.com\/d\/?page_id=8918&amp;tve=true&amp;tcbf=e8bc957880&amp;is_video=false&amp;media=https:\/\/antalyatouristinformation.com\/d\/wp-content\/uploads\/sites\/9\/2021\/02\/road-to-perge-in-antalya-in-turkey.jpg&amp;description=St%20Paul%E2%80%99s%20Way%20%7C%20Antalya%20Tourist%20Information\" onclick=\"essb.window('https:\/\/pinterest.com\/pin\/create\/button\/?url=https:\/\/antalyatouristinformation.com\/d\/?page_id=8918&amp;tve=true&amp;tcbf=e8bc957880&amp;is_video=false&amp;media=https:\/\/antalyatouristinformation.com\/d\/wp-content\/uploads\/sites\/9\/2021\/02\/road-to-perge-in-antalya-in-turkey.jpg&amp;description=St%20Paul%E2%80%99s%20Way%20%7C%20Antalya%20Tourist%20Information','pinpro','kp6t0axe'); return false;\" target=\"_blank\"><span><\/span><span>Pin<\/span><\/a><\/li>\n<\/ul>\n<h2>How to get to St. Paul&#8217;s Way<\/h2>\n<p>Unlike the Lycian Trail (Lycian Way), St. Paul Way does not have a certain starting and ending point. It is possible to follow different routes.<\/p>\n<p>The most well-known route is starting from Antalya and goes towards Isparta. You can start from Aspendos or Perge in Antalya, and proceed to Yalva\u00e7 on the road that joins in the southeast of Isparta by the Lake Kovada.<\/p>\n<h2 style=\"\">FAQ (Frequently Asked Questions)<\/h2>\n<h2>History of the St. Paul&#8217;s Way<\/h2>\n<p>At a time when Christianity was in danger of extinction, St. Paul came to Anatolia and embarked on a missionary journey.<\/p>\n<p>Saint Paul came out of Antakya (Antiochea) to Samanda\u011f (Seleucia Pieria) in AD 46-48, and from there he crossed to Cyprus with a ship.<\/p>\n<p>After staying in Cyprus for a while, he went to Antalya. He made many stops from Perge to Yalva\u00e7 (Pisidia Antiochea), Konya (Iconium), Karaman -Hatunsaray (Lystra) and Derbe to give sermons to the public. After affecting a large number of people, he returned to Perge and from there he proceeded again towards Antakya.<\/p>\n<p>St. Paul&#8217;s Way is the second longest walking route in Turkey after the Lycian Way marked in international standards.<\/p>\n<h2 style=\"\">Contact:<\/h2>\n<ul>\n<li><span style=\"\"><strong>Adress:&nbsp;<\/strong>&#8211;<\/span><\/li>\n<li><span style=\"\"><strong>Opening Hours:&nbsp;<\/strong>&#8211;<\/span><\/li>\n<li><span style=\"\"><strong>Public Transport:&nbsp;<\/strong>&#8211;<\/span><\/li>\n<li style=\"\"><span style=\"\"><strong>Website:&nbsp;<\/strong>&#8211;<\/span><\/li>\n<\/ul>\n","protected":false},"excerpt":{"rendered":"<p>Historically, it has been called the &#8220;meeting point of religions&#8221; for Anatolian lands. The influence of St. Paul is great for Anatolia, where very important events took place in the history of Christianity. Following these missionary journeys of St. Paul, the first church communities started to emerge in Anatolia, which was far from Jerusalem and [&hellip;]<\/p>\n","protected":false},"author":4,"featured_media":0,"parent":117,"menu_order":0,"comment_status":"closed","ping_status":"closed","template":"","meta":{"_acf_changed":false,"footnotes":""},"categories":[],"tags":[],"class_list":["post-8918","page","type-page","status-publish","hentry","post-wrapper","thrv_wrapper"],"acf":[],"wp-worthy-pixel":{"ignored":false,"public":null,"server":null,"url":null},"wp-worthy-type":"normal","_links":{"self":[{"href":"https:\/\/antalyatouristinformation.com\/d\/wp-json\/wp\/v2\/pages\/8918","targetHints":{"allow":["GET"]}}],"collection":[{"href":"https:\/\/antalyatouristinformation.com\/d\/wp-json\/wp\/v2\/pages"}],"about":[{"href":"https:\/\/antalyatouristinformation.com\/d\/wp-json\/wp\/v2\/types\/page"}],"author":[{"embeddable":true,"href":"https:\/\/antalyatouristinformation.com\/d\/wp-json\/wp\/v2\/users\/4"}],"replies":[{"embeddable":true,"href":"https:\/\/antalyatouristinformation.com\/d\/wp-json\/wp\/v2\/comments?post=8918"}],"version-history":[{"count":17,"href":"https:\/\/antalyatouristinformation.com\/d\/wp-json\/wp\/v2\/pages\/8918\/revisions"}],"predecessor-version":[{"id":9741,"href":"https:\/\/antalyatouristinformation.com\/d\/wp-json\/wp\/v2\/pages\/8918\/revisions\/9741"}],"up":[{"embeddable":true,"href":"https:\/\/antalyatouristinformation.com\/d\/wp-json\/wp\/v2\/pages\/117"}],"wp:attachment":[{"href":"https:\/\/antalyatouristinformation.com\/d\/wp-json\/wp\/v2\/media?parent=8918"}],"wp:term":[{"taxonomy":"category","embeddable":true,"href":"https:\/\/antalyatouristinformation.com\/d\/wp-json\/wp\/v2\/categories?post=8918"},{"taxonomy":"post_tag","embeddable":true,"href":"https:\/\/antalyatouristinformation.com\/d\/wp-json\/wp\/v2\/tags?post=8918"}],"curies":[{"name":"wp","href":"https:\/\/api.w.org\/{rel}","templated":true}]}}